CRAN Package Check Results for Package VorteksExport

Last updated on 2025-11-04 11:52:47 CET.

Flavor Version Tinstall Tcheck Ttotal Status Flags
r-devel-linux-x86_64-debian-clang 0.1.8 1.54 19.11 20.65 NOTE
r-devel-linux-x86_64-debian-gcc 0.1.8 1.31 15.69 17.00 NOTE
r-devel-linux-x86_64-fedora-clang 0.1.8 30.26 NOTE
r-devel-linux-x86_64-fedora-gcc 0.1.8 28.35 NOTE
r-devel-windows-x86_64 0.1.8 3.00 42325.00 42328.00 NOTE
r-patched-linux-x86_64 0.1.8 1.65 17.96 19.61 NOTE
r-release-linux-x86_64 0.1.8 1.45 18.09 19.54 NOTE
r-release-macos-arm64 0.1.8 1.00 13.00 14.00 NOTE
r-release-macos-x86_64 0.1.8 2.00 30.00 32.00 NOTE
r-release-windows-x86_64 0.1.8 2.00 46564.00 46566.00 NOTE
r-oldrel-macos-arm64 0.1.8 1.00 13.00 14.00 NOTE
r-oldrel-macos-x86_64 0.1.8 2.00 26.00 28.00 NOTE
r-oldrel-windows-x86_64 0.1.8 3.00 44.00 47.00 NOTE

Check Details

Version: 0.1.8
Check: package subdirectories
Result: NOTE Problems with news in ‘NEWS.md’: No news entries found. Flavors: r-devel-linux-x86_64-debian-clang, r-devel-linux-x86_64-debian-gcc, r-devel-linux-x86_64-fedora-clang, r-devel-linux-x86_64-fedora-gcc, r-devel-windows-x86_64, r-patched-linux-x86_64, r-release-linux-x86_64, r-release-macos-arm64, r-release-macos-x86_64, r-release-windows-x86_64, r-oldrel-macos-arm64, r-oldrel-macos-x86_64, r-oldrel-windows-x86_64

Version: 0.1.8
Check: LazyData
Result: NOTE 'LazyData' is specified without a 'data' directory Flavors: r-oldrel-macos-arm64, r-oldrel-macos-x86_64, r-oldrel-windows-x86_64

mirror server hosted at Truenetwork, Russian Federation.