Last updated on 2025-11-04 11:52:47 CET.
| Flavor | Version | Tinstall | Tcheck | Ttotal | Status | Flags | 
|---|---|---|---|---|---|---|
| r-devel-linux-x86_64-debian-clang | 1.7.3 | 6.21 | 55.11 | 61.32 | NOTE | |
| r-devel-linux-x86_64-debian-gcc | 1.7.3 | 4.56 | 37.79 | 42.35 | NOTE | |
| r-devel-linux-x86_64-fedora-clang | 1.7.3 | 15.00 | 78.16 | 93.16 | OK | |
| r-devel-linux-x86_64-fedora-gcc | 1.7.3 | 14.00 | 75.89 | 89.89 | OK | |
| r-devel-windows-x86_64 | 1.7.3 | 8.00 | 72.00 | 80.00 | OK | |
| r-patched-linux-x86_64 | 1.7.3 | 6.58 | 51.66 | 58.24 | OK | |
| r-release-linux-x86_64 | 1.7.3 | 6.24 | 52.11 | 58.35 | OK | |
| r-release-macos-arm64 | 1.7.3 | 3.00 | 28.00 | 31.00 | OK | |
| r-release-macos-x86_64 | 1.7.3 | 6.00 | 56.00 | 62.00 | OK | |
| r-release-windows-x86_64 | 1.7.3 | 7.00 | 70.00 | 77.00 | OK | |
| r-oldrel-macos-arm64 | 1.7.3 | 3.00 | 28.00 | 31.00 | OK | |
| r-oldrel-macos-x86_64 | 1.7.3 | 8.00 | 47.00 | 55.00 | OK | |
| r-oldrel-windows-x86_64 | 1.7.3 | 11.00 | 88.00 | 99.00 | OK | 
Version: 1.7.3
Check: CRAN incoming feasibility
Result: NOTE
  Maintainer: ‘Paul Boutros <pboutros@mednet.ucla.edu>’
  
  No Authors@R field in DESCRIPTION.
  Please add one, modifying
    Authors@R: c(person(given = "Hanbo",
                        family = "Chen",
                        role = "aut"),
                 person(given = "Paul",
                        family = "Boutros",
                        role = "cre",
                        email = "pboutros@mednet.ucla.edu"))
  as necessary.
Flavors: r-devel-linux-x86_64-debian-clang, r-devel-linux-x86_64-debian-gcc