CRAN Package Check Results for Package VSURF

Last updated on 2025-05-28 00:49:18 CEST.

Flavor Version Tinstall Tcheck Ttotal Status Flags
r-devel-linux-x86_64-debian-clang 1.2.0 3.46 40.55 44.01 NOTE
r-devel-linux-x86_64-debian-gcc 1.2.0 1.93 31.43 33.36 NOTE
r-devel-linux-x86_64-fedora-clang 1.2.0 67.92 OK
r-devel-linux-x86_64-fedora-gcc 1.2.0 64.68 OK
r-devel-windows-x86_64 1.2.0 4.00 70.00 74.00 NOTE
r-patched-linux-x86_64 1.2.0 3.94 38.53 42.47 NOTE
r-release-linux-x86_64 1.2.0 2.35 37.97 40.32 NOTE
r-release-macos-arm64 1.2.0 30.00 OK
r-release-macos-x86_64 1.2.0 46.00 OK
r-release-windows-x86_64 1.2.0 4.00 69.00 73.00 NOTE
r-oldrel-macos-arm64 1.2.0 26.00 OK
r-oldrel-macos-x86_64 1.2.0 39.00 OK
r-oldrel-windows-x86_64 1.2.0 5.00 81.00 86.00 OK

Additional issues

M1mac

Check Details

Version: 1.2.0
Check: Rd cross-references
Result: NOTE Found the following Rd file(s) with Rd \link{} targets missing package anchors: VSURF.Rd: randomForest VSURF_interp.Rd: randomForest VSURF_pred.Rd: randomForest VSURF_thres.Rd: randomForest predict.VSURF.Rd: randomForest, predict.randomForest Please provide package anchors for all Rd \link{} targets not in the package itself and the base packages. Flavors: r-devel-linux-x86_64-debian-clang, r-devel-linux-x86_64-debian-gcc, r-devel-windows-x86_64, r-patched-linux-x86_64, r-release-linux-x86_64, r-release-windows-x86_64

mirror server hosted at Truenetwork, Russian Federation.