CRAN Package Check Results for Package VSOLassoBag

Last updated on 2025-07-14 18:50:14 CEST.

Flavor Version Tinstall Tcheck Ttotal Status Flags
r-devel-linux-x86_64-debian-clang 0.99.1 32.94 485.97 518.91 NOTE
r-devel-linux-x86_64-debian-gcc 0.99.1 22.68 384.78 407.46 NOTE
r-devel-linux-x86_64-fedora-clang 0.99.1 775.83 OK
r-devel-linux-x86_64-fedora-gcc 0.99.1 765.10 OK
r-devel-windows-x86_64 0.99.1 31.00 411.00 442.00 NOTE
r-patched-linux-x86_64 0.99.1 32.30 467.47 499.77 NOTE
r-release-linux-x86_64 0.99.1 31.68 464.91 496.59 NOTE
r-release-macos-arm64 0.99.1 231.00 OK
r-release-macos-x86_64 0.99.1 427.00 OK
r-release-windows-x86_64 0.99.1 31.00 423.00 454.00 NOTE
r-oldrel-macos-arm64 0.99.1 219.00 OK
r-oldrel-macos-x86_64 0.99.1 322.00 OK
r-oldrel-windows-x86_64 0.99.1 43.00 560.00 603.00 OK

Check Details

Version: 0.99.1
Check: Rd cross-references
Result: NOTE Found the following Rd file(s) with Rd \link{} targets missing package anchors: VSOLassoBag.Rd: coxph Please provide package anchors for all Rd \link{} targets not in the package itself and the base packages. Flavors: r-devel-linux-x86_64-debian-clang, r-devel-linux-x86_64-debian-gcc, r-devel-windows-x86_64, r-patched-linux-x86_64, r-release-linux-x86_64, r-release-windows-x86_64

mirror server hosted at Truenetwork, Russian Federation.