CRAN Package Check Results for Package VDAP

Last updated on 2025-07-13 18:52:59 CEST.

Flavor Version Tinstall Tcheck Ttotal Status Flags
r-devel-linux-x86_64-debian-clang 2.0.0 10.89 88.61 99.50 NOTE
r-devel-linux-x86_64-debian-gcc 2.0.0 7.81 62.07 69.88 NOTE
r-devel-linux-x86_64-fedora-clang 2.0.0 153.56 OK
r-devel-linux-x86_64-fedora-gcc 2.0.0 143.35 OK
r-devel-windows-x86_64 2.0.0 12.00 95.00 107.00 OK
r-patched-linux-x86_64 2.0.0 11.32 82.68 94.00 OK
r-release-linux-x86_64 2.0.0 10.55 80.17 90.72 OK
r-release-macos-arm64 2.0.0 38.00 OK
r-release-macos-x86_64 2.0.0 76.00 OK
r-release-windows-x86_64 2.0.0 11.00 98.00 109.00 OK
r-oldrel-macos-arm64 2.0.0 41.00 NOTE
r-oldrel-macos-x86_64 2.0.0 59.00 NOTE
r-oldrel-windows-x86_64 2.0.0 15.00 117.00 132.00 NOTE

Check Details

Version: 2.0.0
Check: CRAN incoming feasibility
Result: NOTE Maintainer: ‘Cody Moore <Jumper9400@gmail.com>’ No Authors@R field in DESCRIPTION. Please add one, modifying Authors@R: person(given = "Cody", family = "Moore", role = c("aut", "cre"), email = "jumper9400@gmail.com") as necessary. Flavors: r-devel-linux-x86_64-debian-clang, r-devel-linux-x86_64-debian-gcc

Version: 2.0.0
Check: LazyData
Result: NOTE 'LazyData' is specified without a 'data' directory Flavors: r-oldrel-macos-arm64, r-oldrel-macos-x86_64, r-oldrel-windows-x86_64

mirror server hosted at Truenetwork, Russian Federation.