Last updated on 2025-02-22 11:51:46 CET.
Flavor | Version | Tinstall | Tcheck | Ttotal | Status | Flags |
---|---|---|---|---|---|---|
r-devel-linux-x86_64-debian-clang | 2.1.0 | 13.30 | 87.20 | 100.50 | OK | |
r-devel-linux-x86_64-debian-gcc | 2.1.0 | 9.62 | 61.23 | 70.85 | OK | |
r-devel-linux-x86_64-fedora-clang | 2.1.0 | 160.68 | OK | |||
r-devel-linux-x86_64-fedora-gcc | 2.1.0 | 164.43 | OK | |||
r-devel-macos-arm64 | 2.1.0 | 59.00 | OK | |||
r-devel-macos-x86_64 | 2.1.0 | 96.00 | OK | |||
r-devel-windows-x86_64 | 2.1.0 | 18.00 | 121.00 | 139.00 | OK | |
r-patched-linux-x86_64 | 2.1.0 | 14.19 | 79.65 | 93.84 | OK | |
r-release-linux-x86_64 | 2.1.0 | 12.70 | 80.06 | 92.76 | OK | |
r-release-macos-arm64 | 2.1.0 | 37.00 | NOTE | |||
r-release-macos-x86_64 | 2.1.0 | 76.00 | NOTE | |||
r-release-windows-x86_64 | 2.1.0 | 22.00 | 109.00 | 131.00 | NOTE | |
r-oldrel-macos-arm64 | 2.1.0 | 50.00 | NOTE | |||
r-oldrel-macos-x86_64 | 2.1.0 | 73.00 | NOTE | |||
r-oldrel-windows-x86_64 | 2.1.0 | 24.00 | 144.00 | 168.00 | NOTE |
Version: 2.1.0
Check: installed package size
Result: NOTE
installed size is 7.9Mb
sub-directories of 1Mb or more:
data 1.1Mb
doc 1.4Mb
shinyapp 4.9Mb
Flavors: r-release-macos-arm64, r-release-macos-x86_64, r-release-windows-x86_64, r-oldrel-macos-arm64, r-oldrel-macos-x86_64, r-oldrel-windows-x86_64