Last updated on 2025-11-04 05:51:29 CET.
| Flavor | Version | Tinstall | Tcheck | Ttotal | Status | Flags | 
|---|---|---|---|---|---|---|
| r-devel-linux-x86_64-debian-clang | 0.1.4 | 10.44 | 69.93 | 80.37 | NOTE | |
| r-devel-linux-x86_64-debian-gcc | 0.1.4 | 7.70 | 51.60 | 59.30 | NOTE | |
| r-devel-linux-x86_64-fedora-clang | 0.1.4 | 21.00 | 101.09 | 122.09 | OK | |
| r-devel-linux-x86_64-fedora-gcc | 0.1.4 | 20.00 | 93.91 | 113.91 | OK | |
| r-devel-windows-x86_64 | 0.1.4 | 11.00 | 76.00 | 87.00 | OK | |
| r-patched-linux-x86_64 | 0.1.4 | 9.15 | 67.35 | 76.50 | OK | |
| r-release-linux-x86_64 | 0.1.4 | 7.38 | 66.87 | 74.25 | OK | |
| r-release-macos-arm64 | 0.1.4 | 4.00 | 28.00 | 32.00 | OK | |
| r-release-macos-x86_64 | 0.1.4 | 6.00 | 46.00 | 52.00 | OK | |
| r-release-windows-x86_64 | 0.1.4 | 11.00 | 76.00 | 87.00 | OK | |
| r-oldrel-macos-arm64 | 0.1.4 | 4.00 | 29.00 | 33.00 | OK | |
| r-oldrel-macos-x86_64 | 0.1.4 | 6.00 | 44.00 | 50.00 | OK | |
| r-oldrel-windows-x86_64 | 0.1.4 | 14.00 | 96.00 | 110.00 | OK | 
Version: 0.1.4
Check: CRAN incoming feasibility
Result: NOTE
  Maintainer: ‘Feifei ZHANG<tushare_pro@163.com>’
  
  No Authors@R field in DESCRIPTION.
  Please add one, modifying
    Authors@R: person(given = "Feifei",
                      family = "ZHANG",
                      role = c("aut", "cre"),
                      email = "tushare_pro@163.com")
  as necessary.
Flavors: r-devel-linux-x86_64-debian-clang, r-devel-linux-x86_64-debian-gcc