Last updated on 2025-11-04 11:52:46 CET.
| Flavor | Version | Tinstall | Tcheck | Ttotal | Status | Flags | 
|---|---|---|---|---|---|---|
| r-devel-linux-x86_64-debian-clang | 1.1.3 | 14.05 | 110.79 | 124.84 | NOTE | |
| r-devel-linux-x86_64-debian-gcc | 1.1.3 | 9.38 | 81.81 | 91.19 | NOTE | |
| r-devel-linux-x86_64-fedora-clang | 1.1.3 | 32.00 | 163.32 | 195.32 | OK | |
| r-devel-linux-x86_64-fedora-gcc | 1.1.3 | 27.00 | 151.76 | 178.76 | OK | |
| r-devel-windows-x86_64 | 1.1.3 | 15.00 | 110.00 | 125.00 | OK | |
| r-patched-linux-x86_64 | 1.1.3 | 12.18 | 105.91 | 118.09 | OK | |
| r-release-linux-x86_64 | 1.1.3 | 13.95 | 104.52 | 118.47 | OK | |
| r-release-macos-arm64 | 1.1.3 | 6.00 | 43.00 | 49.00 | OK | |
| r-release-macos-x86_64 | 1.1.3 | 12.00 | 78.00 | 90.00 | OK | |
| r-release-windows-x86_64 | 1.1.3 | 16.00 | 108.00 | 124.00 | OK | |
| r-oldrel-macos-arm64 | 1.1.3 | 8.00 | 47.00 | 55.00 | OK | |
| r-oldrel-macos-x86_64 | 1.1.3 | 9.00 | 61.00 | 70.00 | OK | |
| r-oldrel-windows-x86_64 | 1.1.3 | 21.00 | 138.00 | 159.00 | OK | 
Version: 1.1.3
Check: CRAN incoming feasibility
Result: NOTE
  Maintainer: ‘Ashkan Ertefaie <ashkan_ertefaie@urmc.rochester.edu>’
  
  No Authors@R field in DESCRIPTION.
  Please add one, modifying
    Authors@R: c(person(given = "Xinyao",
                        family = "Ji",
                        role = "aut"),
                 person(given = "Ashkan",
                        family = "Ertefaie",
                        role = c("aut", "cre"),
                        email = "ashkan_ertefaie@urmc.rochester.edu"))
  as necessary.
Flavors: r-devel-linux-x86_64-debian-clang, r-devel-linux-x86_64-debian-gcc