CRAN Package Check Results for Package TreatmentSelection

Last updated on 2025-05-27 18:50:04 CEST.

Flavor Version Tinstall Tcheck Ttotal Status Flags
r-devel-linux-x86_64-debian-clang 2.1.1 15.84 103.85 119.69 NOTE
r-devel-linux-x86_64-debian-gcc 2.1.1 10.15 70.54 80.69 NOTE
r-devel-linux-x86_64-fedora-clang 2.1.1 179.81 NOTE
r-devel-linux-x86_64-fedora-gcc 2.1.1 165.12 NOTE
r-devel-windows-x86_64 2.1.1 17.00 100.00 117.00 NOTE
r-patched-linux-x86_64 2.1.1 15.15 93.59 108.74 NOTE
r-release-linux-x86_64 2.1.1 12.75 93.67 106.42 NOTE
r-release-macos-arm64 2.1.1 47.00 NOTE
r-release-macos-x86_64 2.1.1 89.00 NOTE
r-release-windows-x86_64 2.1.1 17.00 107.00 124.00 NOTE
r-oldrel-macos-arm64 2.1.1 46.00 NOTE
r-oldrel-macos-x86_64 2.1.1 73.00 NOTE
r-oldrel-windows-x86_64 2.1.1 21.00 131.00 152.00 NOTE

Check Details

Version: 2.1.1
Check: CRAN incoming feasibility
Result: NOTE Maintainer: ‘Marshall Brown <mdbrown@fhcrc.org>’ No Authors@R field in DESCRIPTION. Please add one, modifying Authors@R: c(person(given = "Marshall", family = "Brown", role = c("aut", "cre"), email = "mdbrown@fhcrc.org"), person(given = "Holly", family = "Janes", role = "aut")) as necessary. Flavors: r-devel-linux-x86_64-debian-clang, r-devel-linux-x86_64-debian-gcc

Version: 2.1.1
Check: Rd files
Result: NOTE checkRd: (-1) trtsel.Rd:69: Lost braces; missing escapes or markup? 69 | numeric with two values {0,1} and gaussian(link = "identity") otherwise. | ^ Flavors: r-devel-linux-x86_64-debian-clang, r-devel-linux-x86_64-debian-gcc, r-devel-linux-x86_64-fedora-clang, r-devel-linux-x86_64-fedora-gcc, r-devel-windows-x86_64, r-patched-linux-x86_64, r-release-linux-x86_64, r-release-macos-arm64, r-release-macos-x86_64, r-release-windows-x86_64, r-oldrel-macos-arm64, r-oldrel-macos-x86_64, r-oldrel-windows-x86_64

mirror server hosted at Truenetwork, Russian Federation.