Last updated on 2025-11-03 23:50:36 CET.
| Flavor | Version | Tinstall | Tcheck | Ttotal | Status | Flags | 
|---|---|---|---|---|---|---|
| r-devel-linux-x86_64-debian-clang | 3.1.1 | 14.14 | 449.05 | 463.19 | OK | |
| r-devel-linux-x86_64-debian-gcc | 3.1.1 | 8.86 | 306.94 | 315.80 | OK | |
| r-devel-linux-x86_64-fedora-clang | 3.1.1 | 57.00 | 700.40 | 757.40 | OK | |
| r-devel-linux-x86_64-fedora-gcc | 3.1.1 | 27.00 | 661.59 | 688.59 | OK | |
| r-devel-windows-x86_64 | 3.1.1 | 14.00 | 383.00 | 397.00 | OK | |
| r-patched-linux-x86_64 | 3.1.1 | 12.70 | 396.90 | 409.60 | OK | |
| r-release-linux-x86_64 | 3.1.1 | 12.28 | 431.61 | 443.89 | OK | |
| r-release-macos-arm64 | 3.1.1 | 4.00 | 125.00 | 129.00 | OK | |
| r-release-macos-x86_64 | 3.1.1 | 16.00 | 385.00 | 401.00 | OK | |
| r-release-windows-x86_64 | 3.1.1 | 14.00 | 396.00 | 410.00 | OK | |
| r-oldrel-macos-arm64 | 3.1.1 | 5.00 | 137.00 | 142.00 | NOTE | |
| r-oldrel-macos-x86_64 | 3.1.1 | 15.00 | 359.00 | 374.00 | NOTE | |
| r-oldrel-windows-x86_64 | 3.1.1 | 19.00 | 611.00 | 630.00 | NOTE | 
Version: 3.1.1
Check: installed package size
Result: NOTE
    installed size is  7.0Mb
    sub-directories of 1Mb or more:
      doc   5.0Mb
Flavors: r-oldrel-macos-arm64, r-oldrel-macos-x86_64, r-oldrel-windows-x86_64