CRAN Package Check Results for Package TransP

Last updated on 2025-07-13 00:48:43 CEST.

Flavor Version Tinstall Tcheck Ttotal Status Flags
r-devel-linux-x86_64-debian-clang 0.1 1.67 17.94 19.61 NOTE
r-devel-linux-x86_64-debian-gcc 0.1 1.34 15.04 16.38 NOTE
r-devel-linux-x86_64-fedora-clang 0.1 30.30 OK
r-devel-linux-x86_64-fedora-gcc 0.1 28.54 OK
r-devel-windows-x86_64 0.1 2.00 41.00 43.00 OK
r-patched-linux-x86_64 0.1 1.76 16.91 18.67 OK
r-release-linux-x86_64 0.1 1.61 16.73 18.34 OK
r-release-macos-arm64 0.1 17.00 OK
r-release-macos-x86_64 0.1 23.00 OK
r-release-windows-x86_64 0.1 2.00 41.00 43.00 OK
r-oldrel-macos-arm64 0.1 23.00 OK
r-oldrel-macos-x86_64 0.1 19.00 OK
r-oldrel-windows-x86_64 0.1 2.00 41.00 43.00 OK

Check Details

Version: 0.1
Check: CRAN incoming feasibility
Result: NOTE Maintainer: ‘Somenath Sit <somenath.bhu.2010@gmail.com>’ No Authors@R field in DESCRIPTION. Please add one, modifying Authors@R: person(given = "Somenath", family = "Sit", role = c("aut", "cre"), email = "somenath.bhu.2010@gmail.com") as necessary. Flavors: r-devel-linux-x86_64-debian-clang, r-devel-linux-x86_64-debian-gcc

mirror server hosted at Truenetwork, Russian Federation.