CRAN Package Check Results for Package TidyConsultant

Last updated on 2025-07-16 00:49:57 CEST.

Flavor Version Tinstall Tcheck Ttotal Status Flags
r-devel-linux-x86_64-debian-clang 0.1.1 1.74 36.63 38.37 OK
r-devel-linux-x86_64-debian-gcc 0.1.1 1.57 30.09 31.66 OK
r-devel-linux-x86_64-fedora-clang 0.1.1 62.61 NOTE
r-devel-linux-x86_64-fedora-gcc 0.1.1 74.35 NOTE
r-devel-windows-x86_64 0.1.1 6.00 63.00 69.00 OK
r-patched-linux-x86_64 0.1.1 2.43 34.19 36.62 OK
r-release-linux-x86_64 0.1.1 2.46 33.73 36.19 OK
r-release-macos-arm64 0.1.1 31.00 OK
r-release-macos-x86_64 0.1.1 49.00 OK
r-release-windows-x86_64 0.1.1 6.00 56.00 62.00 OK
r-oldrel-macos-arm64 0.1.1 29.00 OK
r-oldrel-macos-x86_64 0.1.1 67.00 OK
r-oldrel-windows-x86_64 0.1.1 7.00 62.00 69.00 OK

Check Details

Version: 0.1.1
Check: dependencies in R code
Result: NOTE Namespaces in Imports field not imported from: ‘Ckmeans.1d.dp’ ‘autostats’ ‘badger’ ‘framecleaner’ ‘presenter’ ‘tidybins’ ‘validata’ All declared Imports should be used. Flavors: r-devel-linux-x86_64-fedora-clang, r-devel-linux-x86_64-fedora-gcc

mirror server hosted at Truenetwork, Russian Federation.