Last updated on 2025-11-03 17:50:05 CET.
| Flavor | Version | Tinstall | Tcheck | Ttotal | Status | Flags |
|---|---|---|---|---|---|---|
| r-devel-linux-x86_64-debian-clang | 4.1.1 | 6.55 | 67.54 | 74.09 | NOTE | |
| r-devel-linux-x86_64-debian-gcc | 4.1.1 | 4.19 | 47.36 | 51.55 | NOTE | |
| r-devel-linux-x86_64-fedora-clang | 4.1.1 | 14.00 | 93.71 | 107.71 | OK | |
| r-devel-linux-x86_64-fedora-gcc | 4.1.1 | 13.00 | 87.87 | 100.87 | OK | |
| r-devel-windows-x86_64 | 4.1.1 | 8.00 | 90.00 | 98.00 | OK | |
| r-patched-linux-x86_64 | 4.1.1 | 7.31 | 62.83 | 70.14 | OK | |
| r-release-linux-x86_64 | 4.1.1 | 5.55 | 63.13 | 68.68 | OK | |
| r-release-macos-arm64 | 4.1.1 | 4.00 | 39.00 | 43.00 | OK | |
| r-release-macos-x86_64 | 4.1.1 | 7.00 | 59.00 | 66.00 | OK | |
| r-release-windows-x86_64 | 4.1.1 | 8.00 | 86.00 | 94.00 | OK | |
| r-oldrel-macos-arm64 | 4.1.1 | 3.00 | 30.00 | 33.00 | OK | |
| r-oldrel-macos-x86_64 | 4.1.1 | 4.00 | 53.00 | 57.00 | OK | |
| r-oldrel-windows-x86_64 | 4.1.1 | 13.00 | 108.00 | 121.00 | OK |
Version: 4.1.1
Check: CRAN incoming feasibility
Result: NOTE
Maintainer: ‘Hugo Andres Gutierrez Rojas <hagutierrezro@gmail.com>’
No Authors@R field in DESCRIPTION.
Please add one, modifying
Authors@R: person(given = c("Hugo", "Andres", "Gutierrez"),
family = "Rojas",
role = c("aut", "cre"),
email = "hagutierrezro@gmail.com")
as necessary.
Flavors: r-devel-linux-x86_64-debian-clang, r-devel-linux-x86_64-debian-gcc