Last updated on 2025-11-04 05:51:28 CET.
| Flavor | Version | Tinstall | Tcheck | Ttotal | Status | Flags | 
|---|---|---|---|---|---|---|
| r-devel-linux-x86_64-debian-clang | 2.13 | 12.10 | 87.04 | 99.14 | NOTE | |
| r-devel-linux-x86_64-debian-gcc | 2.13 | 8.59 | 57.81 | 66.40 | NOTE | |
| r-devel-linux-x86_64-fedora-clang | 2.13 | 31.00 | 120.94 | 151.94 | NOTE | |
| r-devel-linux-x86_64-fedora-gcc | 2.13 | 28.00 | 115.39 | 143.39 | NOTE | |
| r-devel-windows-x86_64 | 2.13 | 14.00 | 110.00 | 124.00 | NOTE | |
| r-patched-linux-x86_64 | 2.13 | 12.78 | 81.02 | 93.80 | OK | |
| r-release-linux-x86_64 | 2.13 | 11.60 | 81.95 | 93.55 | OK | |
| r-release-macos-arm64 | 2.13 | 4.00 | 34.00 | 38.00 | OK | |
| r-release-macos-x86_64 | 2.13 | 19.00 | 122.00 | 141.00 | OK | |
| r-release-windows-x86_64 | 2.13 | 13.00 | 108.00 | 121.00 | OK | |
| r-oldrel-macos-arm64 | 2.13 | 5.00 | 35.00 | 40.00 | NOTE | |
| r-oldrel-macos-x86_64 | 2.13 | 16.00 | 90.00 | 106.00 | NOTE | |
| r-oldrel-windows-x86_64 | 2.13 | 16.00 | 132.00 | 148.00 | OK | 
Version: 2.13
Check: CRAN incoming feasibility
Result: NOTE
  Maintainer: ‘Greg Snow <538280@gmail.com>’
  
  No Authors@R field in DESCRIPTION.
  Please add one, modifying
    Authors@R: person(given = "Greg",
                      family = "Snow",
                      role = c("aut", "cre"),
                      email = "538280@gmail.com")
  as necessary.
Flavors: r-devel-linux-x86_64-debian-clang, r-devel-linux-x86_64-debian-gcc
Version: 2.13
Check: Rd files
Result: NOTE
  checkRd: (-1) TeachingDemos-package.Rd:65-97: Only 2 columns allowed in this table (row 21 has 1)
Flavors: r-devel-linux-x86_64-debian-clang, r-devel-linux-x86_64-debian-gcc, r-devel-linux-x86_64-fedora-clang, r-devel-linux-x86_64-fedora-gcc, r-devel-windows-x86_64
Version: 2.13
Check: package dependencies
Result: NOTE
  Package which this enhances but not available for checking: ‘R2wd’
Flavors: r-oldrel-macos-arm64, r-oldrel-macos-x86_64