Last updated on 2025-07-13 18:52:58 CEST.
Flavor | Version | Tinstall | Tcheck | Ttotal | Status | Flags |
---|---|---|---|---|---|---|
r-devel-linux-x86_64-debian-clang | 0.12.10 | 15.44 | 130.62 | 146.06 | NOTE | |
r-devel-linux-x86_64-debian-gcc | 0.12.10 | 11.10 | 93.11 | 104.21 | NOTE | |
r-devel-linux-x86_64-fedora-clang | 0.12.10 | 226.96 | OK | |||
r-devel-linux-x86_64-fedora-gcc | 0.12.10 | 240.86 | OK | |||
r-devel-windows-x86_64 | 0.12.10 | 17.00 | 242.00 | 259.00 | NOTE | |
r-patched-linux-x86_64 | 0.12.10 | 17.23 | 121.01 | 138.24 | NOTE | |
r-release-linux-x86_64 | 0.12.10 | 14.59 | 120.29 | 134.88 | NOTE | |
r-release-macos-arm64 | 0.12.10 | 91.00 | OK | |||
r-release-macos-x86_64 | 0.12.10 | 140.00 | OK | |||
r-release-windows-x86_64 | 0.12.10 | 18.00 | 157.00 | 175.00 | NOTE | |
r-oldrel-macos-arm64 | 0.12.10 | 59.00 | OK | |||
r-oldrel-macos-x86_64 | 0.12.10 | 91.00 | OK | |||
r-oldrel-windows-x86_64 | 0.12.10 | 23.00 | 356.00 | 379.00 | OK |
Version: 0.12.10
Check: Rd cross-references
Result: NOTE
Found the following Rd file(s) with Rd \link{} targets missing package
anchors:
plot1GS.Rd: element_text, +.gg
plotFit.GS.Rd: +.gg
plotMultipleGS.Rd: element_text, +.gg
plotPat.1GS.Rd: element_text, +.gg
plotSelect.GS.Rd: element_text, +.gg
Please provide package anchors for all Rd \link{} targets not in the
package itself and the base packages.
Flavors: r-devel-linux-x86_64-debian-clang, r-devel-linux-x86_64-debian-gcc, r-devel-windows-x86_64, r-patched-linux-x86_64, r-release-linux-x86_64, r-release-windows-x86_64