Last updated on 2025-10-14 12:50:40 CEST.
Flavor | Version | Tinstall | Tcheck | Ttotal | Status | Flags |
---|---|---|---|---|---|---|
r-devel-linux-x86_64-debian-clang | 1.5.11 | 23.34 | 140.61 | 163.95 | OK | |
r-devel-linux-x86_64-debian-gcc | 1.5.11 | 17.51 | 106.40 | 123.91 | OK | |
r-devel-linux-x86_64-fedora-clang | 1.5.11 | 268.54 | OK | |||
r-devel-linux-x86_64-fedora-gcc | 1.5.11 | 262.56 | OK | |||
r-devel-windows-x86_64 | 1.5.11 | 23.00 | 179902.00 | 179925.00 | ERROR | |
r-patched-linux-x86_64 | 1.5.11 | 25.65 | 143.25 | 168.90 | OK | |
r-release-linux-x86_64 | 1.5.11 | 26.22 | 145.28 | 171.50 | OK | |
r-release-macos-arm64 | 1.5.11 | 99.00 | OK | |||
r-release-macos-x86_64 | 1.5.11 | 174.00 | OK | |||
r-release-windows-x86_64 | 1.5.11 | 24.00 | 126.00 | 150.00 | OK | |
r-oldrel-macos-arm64 | 1.5.11 | 130.00 | OK | |||
r-oldrel-macos-x86_64 | 1.5.11 | 158.00 | OK | |||
r-oldrel-windows-x86_64 | 1.5.11 | 30.00 | 150.00 | 180.00 | OK |
Version: 1.5.11
Check: re-building of vignette outputs
Result: ERROR
Error(s) in re-building vignettes:
--- re-building 'TTAVignette.Rnw' using Sweave
Warning in system(paste(shQuote(texi2dvi), if (quiet) "--quiet" else "", :
running command '"C:\PROGRA~1\MiKTeX\miktex\bin\x64\texify.exe" --quiet --pdf "TTAVignette.tex" ' had status 1
Error: processing vignette 'TTAVignette.Rnw' failed with diagnostics:
Failed to locate 'texi2pdf' output file 'TTAVignette.pdf' for vignette with name 'TTAVignette' and engine 'utils::Sweave'. The following files exist in working directory 'D:\RCompile\CRANpkg\local\4.6\TTAinterfaceTrendAnalysis.Rcheck\vign_test\TTAinterfaceTrendAnalysis\vignettes': 'TTAVignette.Rnw' (24354 bytes), 'TTAVignette.tex' (24427 bytes), 'figure1.jpg' (56484 bytes), 'figure2.jpg' (79534 bytes), 'figure3.jpg' (460076 bytes), 'figure4.jpg' (145514 bytes), 'figure5.jpg' (108854 bytes), 'figure6.jpg' (49947 bytes), 'figure7.jpg' (118659 bytes)
--- failed re-building 'TTAVignette.Rnw'
SUMMARY: processing the following file failed:
'TTAVignette.Rnw'
Error: Vignette re-building failed.
Execution halted
Flavor: r-devel-windows-x86_64