Last updated on 2025-11-03 17:50:06 CET.
| Flavor | Version | Tinstall | Tcheck | Ttotal | Status | Flags |
|---|---|---|---|---|---|---|
| r-devel-linux-x86_64-debian-clang | 0.1.7 | 7.94 | 79.48 | 87.42 | OK | |
| r-devel-linux-x86_64-debian-gcc | 0.1.7 | 5.84 | 55.45 | 61.29 | OK | |
| r-devel-linux-x86_64-fedora-clang | 0.1.7 | 17.00 | 118.52 | 135.52 | NOTE | |
| r-devel-linux-x86_64-fedora-gcc | 0.1.7 | 17.00 | 127.08 | 144.08 | NOTE | |
| r-devel-windows-x86_64 | 0.1.7 | 10.00 | 206.00 | 216.00 | OK | |
| r-patched-linux-x86_64 | 0.1.7 | 7.56 | 73.61 | 81.17 | OK | |
| r-release-linux-x86_64 | 0.1.7 | 7.36 | 74.56 | 81.92 | OK | |
| r-release-macos-arm64 | 0.1.7 | 3.00 | 46.00 | 49.00 | OK | |
| r-release-macos-x86_64 | 0.1.7 | 9.00 | 104.00 | 113.00 | OK | |
| r-release-windows-x86_64 | 0.1.7 | 10.00 | 222.00 | 232.00 | OK | |
| r-oldrel-macos-arm64 | 0.1.7 | 3.00 | 38.00 | 41.00 | OK | |
| r-oldrel-macos-x86_64 | 0.1.7 | 8.00 | 90.00 | 98.00 | OK | |
| r-oldrel-windows-x86_64 | 0.1.7 | 14.00 | 125.00 | 139.00 | OK |
Version: 0.1.7
Check: dependencies in R code
Result: NOTE
Namespace in Imports field not imported from: ‘forecastHybrid’
All declared Imports should be used.
Flavors: r-devel-linux-x86_64-fedora-clang, r-devel-linux-x86_64-fedora-gcc