Last updated on 2025-02-22 11:51:45 CET.
Flavor | Version | Tinstall | Tcheck | Ttotal | Status | Flags |
---|---|---|---|---|---|---|
r-devel-linux-x86_64-debian-clang | 3.7.1 | 13.57 | 106.58 | 120.15 | NOTE | |
r-devel-linux-x86_64-debian-gcc | 3.7.1 | 10.34 | 84.82 | 95.16 | NOTE | |
r-devel-linux-x86_64-fedora-clang | 3.7.1 | 204.55 | NOTE | |||
r-devel-linux-x86_64-fedora-gcc | 3.7.1 | 190.80 | NOTE | |||
r-devel-macos-arm64 | 3.7.1 | 88.00 | NOTE | |||
r-devel-macos-x86_64 | 3.7.1 | 120.00 | NOTE | |||
r-devel-windows-x86_64 | 3.7.1 | 16.00 | 122.00 | 138.00 | NOTE | |
r-patched-linux-x86_64 | 3.7.1 | 14.63 | 101.70 | 116.33 | NOTE | |
r-release-linux-x86_64 | 3.7.1 | 12.83 | 100.05 | 112.88 | NOTE | |
r-release-macos-arm64 | 3.7.1 | 82.00 | NOTE | |||
r-release-macos-x86_64 | 3.7.1 | 90.00 | NOTE | |||
r-release-windows-x86_64 | 3.7.1 | 16.00 | 334.00 | 350.00 | NOTE | |
r-oldrel-macos-arm64 | 3.7.1 | 51.00 | OK | |||
r-oldrel-macos-x86_64 | 3.7.1 | 112.00 | OK | |||
r-oldrel-windows-x86_64 | 3.7.1 | 21.00 | 399.00 | 420.00 | OK |
Version: 3.7.1
Check: Rd files
Result: NOTE
checkRd: (-1) example.database2.Rd:18: Lost braces in \itemize; meant \describe ?
checkRd: (-1) example.database2.Rd:19: Lost braces in \itemize; meant \describe ?
checkRd: (-1) example.database3.Rd:18: Lost braces in \itemize; meant \describe ?
checkRd: (-1) example.database3.Rd:19: Lost braces in \itemize; meant \describe ?
Flavors: r-devel-linux-x86_64-debian-clang, r-devel-linux-x86_64-debian-gcc, r-devel-linux-x86_64-fedora-clang, r-devel-linux-x86_64-fedora-gcc, r-devel-macos-arm64, r-devel-macos-x86_64, r-devel-windows-x86_64, r-patched-linux-x86_64, r-release-linux-x86_64, r-release-macos-arm64, r-release-macos-x86_64, r-release-windows-x86_64