Last updated on 2025-11-03 23:50:36 CET.
| Flavor | Version | Tinstall | Tcheck | Ttotal | Status | Flags | 
|---|---|---|---|---|---|---|
| r-devel-linux-x86_64-debian-clang | 1.2.7 | 9.65 | 46.72 | 56.37 | NOTE | |
| r-devel-linux-x86_64-debian-gcc | 1.2.7 | 6.05 | 33.43 | 39.48 | NOTE | |
| r-devel-linux-x86_64-fedora-clang | 1.2.7 | 19.00 | 66.15 | 85.15 | NOTE | |
| r-devel-linux-x86_64-fedora-gcc | 1.2.7 | 18.00 | 76.77 | 94.77 | NOTE | |
| r-devel-windows-x86_64 | 1.2.7 | 9.00 | 192.00 | 201.00 | NOTE | |
| r-patched-linux-x86_64 | 1.2.7 | 8.30 | 44.08 | 52.38 | NOTE | |
| r-release-linux-x86_64 | 1.2.7 | 8.34 | 44.25 | 52.59 | NOTE | |
| r-release-macos-arm64 | 1.2.7 | 5.00 | 31.00 | 36.00 | NOTE | |
| r-release-macos-x86_64 | 1.2.7 | 9.00 | 57.00 | 66.00 | NOTE | |
| r-release-windows-x86_64 | 1.2.7 | 8.00 | 165.00 | 173.00 | NOTE | |
| r-oldrel-macos-arm64 | 1.2.7 | 3.00 | 26.00 | 29.00 | NOTE | |
| r-oldrel-macos-x86_64 | 1.2.7 | 5.00 | 44.00 | 49.00 | NOTE | |
| r-oldrel-windows-x86_64 | 1.2.7 | 8.00 | 72.00 | 80.00 | NOTE | 
Version: 1.2.7
Check: CRAN incoming feasibility
Result: NOTE
  Maintainer: ‘Alberto Lopez Moreno <bertolomo@gmail.com>’
  
  No Authors@R field in DESCRIPTION.
  Please add one, modifying
    Authors@R: person(given = c("Alberto", "Lopez"),
                      family = "Moreno",
                      role = c("aut", "cre"),
                      email = "bertolomo@gmail.com")
  as necessary.
Flavors: r-devel-linux-x86_64-debian-clang, r-devel-linux-x86_64-debian-gcc
Version: 1.2.7
Check: Rd files
Result: NOTE
  checkRd: (-1) TSTutorial.Rd:43: Lost braces
      43 |         \code{T}{: the laboratory is for students. It shows help texts and suggestions to teach the Box-Jenkins method.}
         |                 ^
  checkRd: (-1) TSTutorial.Rd:45: Lost braces
      45 |         \code{F}{: the laboratory is for expert users. Only shows the basic information avoiding all the helps and suggestions. It is an useful tool for Time Series advanced users to avoid to write their own scripts.}
         |                 ^
  checkRd: (-1) TSTutorial.Rd:49: Lost braces
      49 |         \code{report}{: a logical value indicating (with the value \code{T}) to the program to create a .pdf file with the name of the time series introduced in \code{TStutorial} and it is saved in the current working directory.}
         |                      ^
  checkRd: (-1) TSTutorial.Rd:51: Lost braces
      51 |         \code{comment}{: a logical value inidicating (with the value \code{T}) to let to the user write comments during the session which will appear in the report. By default, and when report is \code{F}, its value is \code{F}.}
         |                       ^
  checkRd: (-1) TSTutorial.Rd:53: Lost braces
      53 |         \code{files}{: a logical value inidicating (with the value \code{T}) to not delete the files which are created during the report building process. In this case, the only file created will be the .pdf file . By default, and when report is \code{F}, its value is \code{F}.}
         |                     ^
  checkRd: (-1) TSTutorial.Rd:57: Lost braces
      57 |         \code{fil}{: a logical value indicating (with the value \code{T}) whether the user set a new .tex file introduced in \code{name}. By default is \code{F}.}
         |                   ^
  checkRd: (-1) TSTutorial.Rd:59: Lost braces
      59 |         \code{name}{: the name of the .tex file which the head of the report is to be read from. By default is \code{NULL}.}
         |                    ^
  checkRd: (-1) TSTutorial.Rd:61: Lost braces
      61 |         \code{maingraph}{: The size of the graphics that are plotted in one column.}
         |                         ^
  checkRd: (-1) TSTutorial.Rd:63: Lost braces
      63 |         \code{twograph}{: The size of the graphics that are plotted in two columns.}
         |                        ^
Flavors: r-devel-linux-x86_64-debian-clang, r-devel-linux-x86_64-debian-gcc, r-devel-linux-x86_64-fedora-clang, r-devel-linux-x86_64-fedora-gcc, r-devel-windows-x86_64, r-patched-linux-x86_64, r-release-linux-x86_64, r-release-macos-arm64, r-release-macos-x86_64, r-release-windows-x86_64, r-oldrel-macos-arm64, r-oldrel-macos-x86_64, r-oldrel-windows-x86_64