Last updated on 2025-05-23 18:50:42 CEST.
Flavor | Version | Tinstall | Tcheck | Ttotal | Status | Flags |
---|---|---|---|---|---|---|
r-devel-linux-x86_64-debian-clang | 0.3.0 | 7.53 | 65.21 | 72.74 | OK | |
r-devel-linux-x86_64-debian-gcc | 0.3.0 | 5.10 | 49.61 | 54.71 | OK | |
r-devel-linux-x86_64-fedora-clang | 0.3.0 | 110.07 | NOTE | |||
r-devel-linux-x86_64-fedora-gcc | 0.3.0 | 106.47 | NOTE | |||
r-devel-windows-x86_64 | 0.3.0 | 9.00 | 119.00 | 128.00 | OK | |
r-patched-linux-x86_64 | 0.3.0 | 7.66 | 65.19 | 72.85 | OK | |
r-release-linux-x86_64 | 0.3.0 | 7.85 | 64.81 | 72.66 | OK | |
r-release-macos-arm64 | 0.3.0 | 41.00 | OK | |||
r-release-macos-x86_64 | 0.3.0 | 69.00 | OK | |||
r-release-windows-x86_64 | 0.3.0 | 9.00 | 109.00 | 118.00 | OK | |
r-oldrel-macos-arm64 | 0.3.0 | 37.00 | OK | |||
r-oldrel-macos-x86_64 | 0.3.0 | 53.00 | OK | |||
r-oldrel-windows-x86_64 | 0.3.0 | 11.00 | 102.00 | 113.00 | OK |
Version: 0.3.0
Check: dependencies in R code
Result: NOTE
Namespace in Imports field not imported from: ‘hdi’
All declared Imports should be used.
Flavors: r-devel-linux-x86_64-fedora-clang, r-devel-linux-x86_64-fedora-gcc