Last updated on 2025-11-04 05:51:28 CET.
| Flavor | Version | Tinstall | Tcheck | Ttotal | Status | Flags | 
|---|---|---|---|---|---|---|
| r-devel-linux-x86_64-debian-clang | 1.4 | 8.95 | 93.71 | 102.66 | NOTE | |
| r-devel-linux-x86_64-debian-gcc | 1.4 | 6.65 | 64.74 | 71.39 | NOTE | |
| r-devel-linux-x86_64-fedora-clang | 1.4 | 52.00 | 119.94 | 171.94 | OK | |
| r-devel-linux-x86_64-fedora-gcc | 1.4 | 18.00 | 135.40 | 153.40 | OK | |
| r-devel-windows-x86_64 | 1.4 | 10.00 | 102.00 | 112.00 | OK | |
| r-patched-linux-x86_64 | 1.4 | 8.63 | 89.42 | 98.05 | OK | |
| r-release-linux-x86_64 | 1.4 | 8.77 | 91.59 | 100.36 | OK | |
| r-release-macos-arm64 | 1.4 | 5.00 | 45.00 | 50.00 | OK | |
| r-release-macos-x86_64 | 1.4 | 9.00 | 87.00 | 96.00 | OK | |
| r-release-windows-x86_64 | 1.4 | 9.00 | 101.00 | 110.00 | OK | |
| r-oldrel-macos-arm64 | 1.4 | 4.00 | 38.00 | 42.00 | OK | |
| r-oldrel-macos-x86_64 | 1.4 | 6.00 | 56.00 | 62.00 | OK | |
| r-oldrel-windows-x86_64 | 1.4 | 13.00 | 128.00 | 141.00 | OK | 
Version: 1.4
Check: CRAN incoming feasibility
Result: NOTE
  Maintainer: ‘Sara Algeri <salgeri@umn.edu>’
  
  No Authors@R field in DESCRIPTION.
  Please add one, modifying
    Authors@R: person(given = "Sara",
                      family = "Algeri",
                      role = c("aut", "cre"),
                      email = "salgeri@umn.edu")
  as necessary.
  
  The Description field contains
    <arXiv:1803.03858>.
  Please refer to arXiv e-prints via their arXiv DOI <doi:10.48550/arXiv.YYMM.NNNNN>.
Flavors: r-devel-linux-x86_64-debian-clang, r-devel-linux-x86_64-debian-gcc