Last updated on 2025-11-04 05:51:28 CET.
| Flavor | Version | Tinstall | Tcheck | Ttotal | Status | Flags | 
|---|---|---|---|---|---|---|
| r-devel-linux-x86_64-debian-clang | 1.9.18 | 78.41 | 74.57 | 152.98 | OK | |
| r-devel-linux-x86_64-debian-gcc | 1.9.18 | 64.35 | 57.38 | 121.73 | OK | |
| r-devel-linux-x86_64-fedora-clang | 1.9.18 | 157.00 | 73.36 | 230.36 | OK | |
| r-devel-linux-x86_64-fedora-gcc | 1.9.18 | 210.00 | 59.97 | 269.97 | OK | |
| r-devel-windows-x86_64 | 1.9.18 | 110.00 | 110.00 | 220.00 | OK | |
| r-patched-linux-x86_64 | 1.9.18 | 91.00 | 75.33 | 166.33 | OK | |
| r-release-linux-x86_64 | 1.9.18 | 89.63 | 75.21 | 164.84 | OK | |
| r-release-macos-arm64 | 1.9.18 | 37.00 | 37.00 | 74.00 | OK | |
| r-release-macos-x86_64 | 1.9.18 | 77.00 | 69.00 | 146.00 | OK | |
| r-release-windows-x86_64 | 1.9.18 | 110.00 | 107.00 | 217.00 | OK | |
| r-oldrel-macos-arm64 | 1.9.18 | 32.00 | 39.00 | 71.00 | NOTE | |
| r-oldrel-macos-x86_64 | 1.9.18 | 71.00 | 78.00 | 149.00 | NOTE | |
| r-oldrel-windows-x86_64 | 1.9.18 | 118.00 | 113.00 | 231.00 | NOTE | 
Version: 1.9.18
Check: installed package size
Result: NOTE
    installed size is 16.6Mb
    sub-directories of 1Mb or more:
      examples  12.4Mb
      include    3.6Mb
Flavors: r-oldrel-macos-arm64, r-oldrel-macos-x86_64, r-oldrel-windows-x86_64