CRAN Package Check Results for Package TGST

Last updated on 2025-07-13 06:48:40 CEST.

Flavor Version Tinstall Tcheck Ttotal Status Flags
r-devel-linux-x86_64-debian-clang 1.0 5.49 68.81 74.30 OK
r-devel-linux-x86_64-debian-gcc 1.0 3.79 51.45 55.24 OK
r-devel-linux-x86_64-fedora-clang 1.0 115.11 NOTE
r-devel-linux-x86_64-fedora-gcc 1.0 124.68 NOTE
r-devel-windows-x86_64 1.0 7.00 104.00 111.00 OK
r-patched-linux-x86_64 1.0 5.38 65.14 70.52 OK
r-release-linux-x86_64 1.0 5.38 64.19 69.57 OK
r-release-macos-arm64 1.0 73.00 OK
r-release-macos-x86_64 1.0 87.00 OK
r-release-windows-x86_64 1.0 7.00 243.00 250.00 OK
r-oldrel-macos-arm64 1.0 43.00 OK
r-oldrel-macos-x86_64 1.0 73.00 OK
r-oldrel-windows-x86_64 1.0 9.00 120.00 129.00 OK

Check Details

Version: 1.0
Check: dependencies in R code
Result: NOTE Namespace in Imports field not imported from: ‘knitr’ All declared Imports should be used. Flavors: r-devel-linux-x86_64-fedora-clang, r-devel-linux-x86_64-fedora-gcc

mirror server hosted at Truenetwork, Russian Federation.