Last updated on 2025-07-19 06:48:46 CEST.
Flavor | Version | Tinstall | Tcheck | Ttotal | Status | Flags |
---|---|---|---|---|---|---|
r-devel-linux-x86_64-debian-clang | 0.5.2 | 9.42 | 75.34 | 84.76 | OK | |
r-devel-linux-x86_64-debian-gcc | 0.5.2 | 6.75 | 51.17 | 57.92 | OK | |
r-devel-linux-x86_64-fedora-clang | 0.5.2 | 131.08 | OK | |||
r-devel-linux-x86_64-fedora-gcc | 0.5.2 | 121.91 | OK | |||
r-devel-windows-x86_64 | 0.5.2 | 13.00 | 100.00 | 113.00 | OK | |
r-patched-linux-x86_64 | 0.5.2 | 9.67 | 68.97 | 78.64 | OK | |
r-release-linux-x86_64 | 0.5.2 | 8.93 | 69.17 | 78.10 | OK | |
r-release-macos-arm64 | 0.5.2 | 40.00 | OK | |||
r-release-macos-x86_64 | 0.5.2 | 72.00 | OK | |||
r-release-windows-x86_64 | 0.5.2 | 12.00 | 101.00 | 113.00 | OK | |
r-oldrel-macos-arm64 | 0.5.2 | 44.00 | OK | |||
r-oldrel-macos-x86_64 | 0.5.2 | 73.00 | NOTE | |||
r-oldrel-windows-x86_64 | 0.5.2 | 17.00 | 112.00 | 129.00 | OK |
Version: 0.5.2
Check: installed package size
Result: NOTE
installed size is 5.2Mb
sub-directories of 1Mb or more:
data 5.0Mb
Flavor: r-oldrel-macos-x86_64