Last updated on 2025-11-03 23:50:35 CET.
| Flavor | Version | Tinstall | Tcheck | Ttotal | Status | Flags | 
|---|---|---|---|---|---|---|
| r-devel-linux-x86_64-debian-clang | 2018.5-1 | 109.74 | 20.33 | 130.07 | NOTE | |
| r-devel-linux-x86_64-debian-gcc | 2018.5-1 | 64.49 | 16.93 | 81.42 | NOTE | |
| r-devel-linux-x86_64-fedora-clang | 2018.5-1 | 240.00 | 43.95 | 283.95 | NOTE | |
| r-devel-linux-x86_64-fedora-gcc | 2018.5-1 | 184.00 | 23.30 | 207.30 | NOTE | |
| r-devel-windows-x86_64 | 2018.5-1 | 176.00 | 56.00 | 232.00 | NOTE | |
| r-patched-linux-x86_64 | 2018.5-1 | 101.38 | 19.69 | 121.07 | NOTE | |
| r-release-linux-x86_64 | 2018.5-1 | 97.58 | 19.59 | 117.17 | NOTE | |
| r-release-macos-arm64 | 2018.5-1 | 36.00 | 14.00 | 50.00 | NOTE | |
| r-release-macos-x86_64 | 2018.5-1 | 29.00 | 21.00 | 50.00 | NOTE | |
| r-release-windows-x86_64 | 2018.5-1 | 179.00 | 54.00 | 233.00 | NOTE | |
| r-oldrel-macos-arm64 | 2018.5-1 | 48.00 | 12.00 | 60.00 | NOTE | |
| r-oldrel-macos-x86_64 | 2018.5-1 | 37.00 | 19.00 | 56.00 | NOTE | |
| r-oldrel-windows-x86_64 | 2018.5-1 | 170.00 | 69.00 | 239.00 | NOTE | 
Version: 2018.5-1
Check: CRAN incoming feasibility
Result: NOTE
  Maintainer: ‘Fabrizio Cipollini <cipollini.fabrizio@gmail.com>’
  
  No Authors@R field in DESCRIPTION.
  Please add one, modifying
    Authors@R: c(person(given = "Francesco",
                        family = "Calvori",
                        role = "aut"),
                 person(given = "Fabrizio",
                        family = "Cipollini",
                        role = c("aut", "cre"),
                        email = "cipollini.fabrizio@gmail.com"),
                 person(given = c("Giampiero", "M."),
                        family = "Gallo",
                        role = "aut"),
                 person(given = "'gzstream'",
                        family = "authors.",
                        role = "aut"))
  as necessary.
Flavors: r-devel-linux-x86_64-debian-clang, r-devel-linux-x86_64-debian-gcc
Version: 2018.5-1
Check: Rd files
Result: NOTE
  checkRd: (-1) TAQ-functions.Rd:119: Lost braces
     119 | Brownlees, C. T., and Gallo, G. M. (2006). Financial Econometric Analysis at Ultra{--}High Frequency: Data Handling Concerns, \emph{Computational Statistics and Data Analysis} \bold{51}, 2232--2245.
         |                                                                                   ^
  checkRd: (-1) TAQ-package.Rd:59: Lost braces
      59 | Brownlees, C. T., and Gallo, G. M. (2006). Financial Econometric Analysis at Ultra{--}High Frequency: Data Handling Concerns, \emph{Computational Statistics and Data Analysis} \bold{51}, 2232--2245.
         |                                                                                   ^
Flavors: r-devel-linux-x86_64-debian-clang, r-devel-linux-x86_64-debian-gcc, r-devel-linux-x86_64-fedora-clang, r-devel-linux-x86_64-fedora-gcc, r-devel-windows-x86_64, r-patched-linux-x86_64, r-release-linux-x86_64, r-release-macos-arm64, r-release-macos-x86_64, r-release-windows-x86_64, r-oldrel-macos-arm64, r-oldrel-macos-x86_64, r-oldrel-windows-x86_64