CRAN Package Check Results for Package TANDEM

Last updated on 2025-07-13 06:48:40 CEST.

Flavor Version Tinstall Tcheck Ttotal Status Flags
r-devel-linux-x86_64-debian-clang 1.0.3 1.62 38.61 40.23 NOTE
r-devel-linux-x86_64-debian-gcc 1.0.3 1.34 29.00 30.34 NOTE
r-devel-linux-x86_64-fedora-clang 1.0.3 64.83 OK
r-devel-linux-x86_64-fedora-gcc 1.0.3 73.30 OK
r-devel-windows-x86_64 1.0.3 3.00 55.00 58.00 OK
r-patched-linux-x86_64 1.0.3 2.00 35.79 37.79 OK
r-release-linux-x86_64 1.0.3 1.75 35.11 36.86 OK
r-release-macos-arm64 1.0.3 39.00 OK
r-release-macos-x86_64 1.0.3 58.00 OK
r-release-windows-x86_64 1.0.3 4.00 58.00 62.00 OK
r-oldrel-macos-arm64 1.0.3 31.00 OK
r-oldrel-macos-x86_64 1.0.3 42.00 OK
r-oldrel-windows-x86_64 1.0.3 4.00 69.00 73.00 OK

Check Details

Version: 1.0.3
Check: CRAN incoming feasibility
Result: NOTE Maintainer: ‘Nanne Aben <nanne.aben@gmail.com>’ No Authors@R field in DESCRIPTION. Please add one, modifying Authors@R: person(given = "Nanne", family = "Aben", role = c("aut", "cre"), email = "nanne.aben@gmail.com") as necessary. Flavors: r-devel-linux-x86_64-debian-clang, r-devel-linux-x86_64-debian-gcc

mirror server hosted at Truenetwork, Russian Federation.