Last updated on 2025-11-03 23:50:35 CET.
| Flavor | Version | Tinstall | Tcheck | Ttotal | Status | Flags | 
|---|---|---|---|---|---|---|
| r-devel-linux-x86_64-debian-clang | 1.0.3 | 1.84 | 39.52 | 41.36 | NOTE | |
| r-devel-linux-x86_64-debian-gcc | 1.0.3 | 1.43 | 29.95 | 31.38 | NOTE | |
| r-devel-linux-x86_64-fedora-clang | 1.0.3 | 63.08 | OK | |||
| r-devel-linux-x86_64-fedora-gcc | 1.0.3 | 73.88 | OK | |||
| r-devel-windows-x86_64 | 1.0.3 | 3.00 | 56.00 | 59.00 | OK | |
| r-patched-linux-x86_64 | 1.0.3 | 1.94 | 36.64 | 38.58 | OK | |
| r-release-linux-x86_64 | 1.0.3 | 1.85 | 36.57 | 38.42 | OK | |
| r-release-macos-arm64 | 1.0.3 | 1.00 | 38.00 | 39.00 | OK | |
| r-release-macos-x86_64 | 1.0.3 | 2.00 | 56.00 | 58.00 | OK | |
| r-release-windows-x86_64 | 1.0.3 | 4.00 | 53.00 | 57.00 | OK | |
| r-oldrel-macos-arm64 | 1.0.3 | 1.00 | 30.00 | 31.00 | OK | |
| r-oldrel-macos-x86_64 | 1.0.3 | 2.00 | 40.00 | 42.00 | OK | |
| r-oldrel-windows-x86_64 | 1.0.3 | 4.00 | 67.00 | 71.00 | OK | 
Version: 1.0.3
Check: CRAN incoming feasibility
Result: NOTE
  Maintainer: ‘Nanne Aben <nanne.aben@gmail.com>’
  
  No Authors@R field in DESCRIPTION.
  Please add one, modifying
    Authors@R: person(given = "Nanne",
                      family = "Aben",
                      role = c("aut", "cre"),
                      email = "nanne.aben@gmail.com")
  as necessary.
Flavors: r-devel-linux-x86_64-debian-clang, r-devel-linux-x86_64-debian-gcc