Last updated on 2025-02-21 17:50:57 CET.
Flavor | Version | Tinstall | Tcheck | Ttotal | Status | Flags |
---|---|---|---|---|---|---|
r-devel-linux-x86_64-debian-clang | 0.1.2 | 79.61 | 120.34 | 199.95 | OK | |
r-devel-linux-x86_64-debian-gcc | 0.1.2 | 59.46 | 84.50 | 143.96 | OK | |
r-devel-linux-x86_64-fedora-clang | 0.1.2 | 365.61 | OK | |||
r-devel-linux-x86_64-fedora-gcc | 0.1.2 | 341.62 | OK | |||
r-devel-macos-arm64 | 0.1.2 | 78.00 | OK | |||
r-devel-macos-x86_64 | 0.1.2 | 155.00 | OK | |||
r-devel-windows-x86_64 | 0.1.2 | 82.00 | 134.00 | 216.00 | OK | |
r-patched-linux-x86_64 | 0.1.2 | 82.65 | 113.13 | 195.78 | OK | |
r-release-linux-x86_64 | 0.1.2 | 81.65 | 111.65 | 193.30 | OK | |
r-release-macos-arm64 | 0.1.2 | 79.00 | NOTE | |||
r-release-macos-x86_64 | 0.1.2 | 117.00 | NOTE | |||
r-release-windows-x86_64 | 0.1.2 | 82.00 | 137.00 | 219.00 | NOTE | |
r-oldrel-macos-arm64 | 0.1.2 | 97.00 | NOTE | |||
r-oldrel-macos-x86_64 | 0.1.2 | 182.00 | NOTE | |||
r-oldrel-windows-x86_64 | 0.1.2 | 103.00 | 242.00 | 345.00 | NOTE |
Version: 0.1.2
Check: installed package size
Result: NOTE
installed size is 9.1Mb
sub-directories of 1Mb or more:
data 4.3Mb
libs 4.5Mb
Flavors: r-release-macos-arm64, r-release-macos-x86_64, r-release-windows-x86_64, r-oldrel-macos-arm64, r-oldrel-macos-x86_64, r-oldrel-windows-x86_64