Last updated on 2025-11-04 11:52:45 CET.
| Flavor | Version | Tinstall | Tcheck | Ttotal | Status | Flags | 
|---|---|---|---|---|---|---|
| r-devel-linux-x86_64-debian-clang | 1.3.3 | 2.44 | 26.11 | 28.55 | NOTE | |
| r-devel-linux-x86_64-debian-gcc | 1.3.3 | 2.19 | 20.52 | 22.71 | NOTE | |
| r-devel-linux-x86_64-fedora-clang | 1.3.3 | 42.83 | OK | |||
| r-devel-linux-x86_64-fedora-gcc | 1.3.3 | 40.98 | OK | |||
| r-devel-windows-x86_64 | 1.3.3 | 7.00 | 45.00 | 52.00 | OK | |
| r-patched-linux-x86_64 | 1.3.3 | 2.43 | 24.83 | 27.26 | OK | |
| r-release-linux-x86_64 | 1.3.3 | 2.42 | 25.06 | 27.48 | OK | |
| r-release-macos-arm64 | 1.3.3 | 2.00 | 15.00 | 17.00 | OK | |
| r-release-macos-x86_64 | 1.3.3 | 4.00 | 25.00 | 29.00 | OK | |
| r-release-windows-x86_64 | 1.3.3 | 6.00 | 44.00 | 50.00 | OK | |
| r-oldrel-macos-arm64 | 1.3.3 | 2.00 | 15.00 | 17.00 | OK | |
| r-oldrel-macos-x86_64 | 1.3.3 | 3.00 | 24.00 | 27.00 | OK | |
| r-oldrel-windows-x86_64 | 1.3.3 | 7.00 | 52.00 | 59.00 | OK | 
Version: 1.3.3
Check: CRAN incoming feasibility
Result: NOTE
  Maintainer: ‘Gertjan van den Burg <gertjanvandenburg@gmail.com>’
  
  No Authors@R field in DESCRIPTION.
  Please add one, modifying
    Authors@R: person(given = "Gertjan",
                      family = "van den Burg",
                      role = c("aut", "cre"),
                      email = "gertjanvandenburg@gmail.com")
  as necessary.
Flavors: r-devel-linux-x86_64-debian-clang, r-devel-linux-x86_64-debian-gcc