Last updated on 2025-02-21 17:50:56 CET.
Flavor | Version | Tinstall | Tcheck | Ttotal | Status | Flags |
---|---|---|---|---|---|---|
r-devel-linux-x86_64-debian-clang | 0.1.1 | 10.60 | 96.71 | 107.31 | OK | |
r-devel-linux-x86_64-debian-gcc | 0.1.1 | 7.85 | 66.88 | 74.73 | OK | |
r-devel-linux-x86_64-fedora-clang | 0.1.1 | 178.79 | NOTE | |||
r-devel-linux-x86_64-fedora-gcc | 0.1.1 | 159.96 | NOTE | |||
r-devel-macos-arm64 | 0.1.1 | 52.00 | OK | |||
r-devel-macos-x86_64 | 0.1.1 | 86.00 | OK | |||
r-devel-windows-x86_64 | 0.1.1 | 12.00 | 98.00 | 110.00 | OK | |
r-patched-linux-x86_64 | 0.1.1 | 11.33 | 87.57 | 98.90 | OK | |
r-release-linux-x86_64 | 0.1.1 | 11.14 | 87.70 | 98.84 | OK | |
r-release-macos-arm64 | 0.1.1 | 50.00 | OK | |||
r-release-macos-x86_64 | 0.1.1 | 66.00 | OK | |||
r-release-windows-x86_64 | 0.1.1 | 13.00 | 97.00 | 110.00 | OK | |
r-oldrel-macos-arm64 | 0.1.1 | 57.00 | OK | |||
r-oldrel-macos-x86_64 | 0.1.1 | 82.00 | OK | |||
r-oldrel-windows-x86_64 | 0.1.1 | 18.00 | 127.00 | 145.00 | OK |
Version: 0.1.1
Check: dependencies in R code
Result: NOTE
Namespace in Imports field not imported from: ‘readr’
All declared Imports should be used.
Flavors: r-devel-linux-x86_64-fedora-clang, r-devel-linux-x86_64-fedora-gcc