Last updated on 2025-11-04 05:51:27 CET.
| Flavor | Version | Tinstall | Tcheck | Ttotal | Status | Flags | 
|---|---|---|---|---|---|---|
| r-devel-linux-x86_64-debian-clang | 0.2 | 34.54 | 312.06 | 346.60 | OK | |
| r-devel-linux-x86_64-debian-gcc | 0.2 | 28.02 | 225.78 | 253.80 | OK | |
| r-devel-linux-x86_64-fedora-clang | 0.2 | 155.00 | 393.61 | 548.61 | OK | |
| r-devel-linux-x86_64-fedora-gcc | 0.2 | 153.00 | 390.78 | 543.78 | OK | |
| r-devel-windows-x86_64 | 0.2 | 35.00 | 258.00 | 293.00 | OK | |
| r-patched-linux-x86_64 | 0.2 | 32.20 | 298.12 | 330.32 | OK | |
| r-release-linux-x86_64 | 0.2 | 0.42 | 1.93 | 2.35 | ERROR | |
| r-release-macos-arm64 | 0.2 | 5.00 | ERROR | |||
| r-release-macos-x86_64 | 0.2 | 8.00 | ERROR | |||
| r-release-windows-x86_64 | 0.2 | 36.00 | 247.00 | 283.00 | OK | |
| r-oldrel-macos-arm64 | 0.2 | 10.00 | ERROR | |||
| r-oldrel-macos-x86_64 | 0.2 | 38.00 | 210.00 | 248.00 | NOTE | |
| r-oldrel-windows-x86_64 | 0.2 | 48.00 | 340.00 | 388.00 | NOTE | 
Version: 0.2
Check: package dependencies
Result: ERROR
  Package required but not available: ‘clusterProfiler’
  
  See section ‘The DESCRIPTION file’ in the ‘Writing R Extensions’
  manual.
Flavor: r-release-linux-x86_64
Version: 0.2
Check: package dependencies
Result: ERROR
  Packages required but not available: 'org.Mm.eg.db', 'org.Hs.eg.db'
  
  See section ‘The DESCRIPTION file’ in the ‘Writing R Extensions’
  manual.
Flavor: r-release-macos-arm64
Version: 0.2
Check: package dependencies
Result: ERROR
  Package required but not available: ‘org.Mm.eg.db’
  
  See section ‘The DESCRIPTION file’ in the ‘Writing R Extensions’
  manual.
Flavors: r-release-macos-x86_64, r-oldrel-macos-arm64
Version: 0.2
Check: installed package size
Result: NOTE
    installed size is  8.7Mb
    sub-directories of 1Mb or more:
      doc       1.5Mb
      extdata   4.0Mb
      shiny     3.1Mb
Flavors: r-oldrel-macos-x86_64, r-oldrel-windows-x86_64