Last updated on 2025-11-04 11:52:45 CET.
| Flavor | Version | Tinstall | Tcheck | Ttotal | Status | Flags |
|---|---|---|---|---|---|---|
| r-devel-linux-x86_64-debian-clang | 2.0.2 | 15.44 | 118.64 | 134.08 | NOTE | |
| r-devel-linux-x86_64-debian-gcc | 2.0.2 | 10.30 | 87.09 | 97.39 | NOTE | |
| r-devel-linux-x86_64-fedora-clang | 2.0.2 | 106.00 | 115.07 | 221.07 | OK | |
| r-devel-linux-x86_64-fedora-gcc | 2.0.2 | 25.00 | 181.73 | 206.73 | OK | |
| r-devel-windows-x86_64 | 2.0.2 | 15.00 | 109.00 | 124.00 | OK | |
| r-patched-linux-x86_64 | 2.0.2 | 14.32 | 112.15 | 126.47 | OK | |
| r-release-linux-x86_64 | 2.0.2 | 11.80 | 110.82 | 122.62 | OK | |
| r-release-macos-arm64 | 2.0.2 | 8.00 | 83.00 | 91.00 | OK | |
| r-release-macos-x86_64 | 2.0.2 | 11.00 | 125.00 | 136.00 | OK | |
| r-release-windows-x86_64 | 2.0.2 | 15.00 | 106.00 | 121.00 | OK | |
| r-oldrel-macos-arm64 | 2.0.2 | 7.00 | 53.00 | 60.00 | OK | |
| r-oldrel-macos-x86_64 | 2.0.2 | 20.00 | 94.00 | 114.00 | OK | |
| r-oldrel-windows-x86_64 | 2.0.2 | 20.00 | 138.00 | 158.00 | OK |
Version: 2.0.2
Check: CRAN incoming feasibility
Result: NOTE
Maintainer: ‘Scott Barlowe <sabarlowe@email.wcu.edu>’
No Authors@R field in DESCRIPTION.
Please add one, modifying
Authors@R: person(given = "Scott",
family = "Barlowe",
role = c("aut", "cre"),
email = "sabarlowe@email.wcu.edu")
as necessary.
Flavors: r-devel-linux-x86_64-debian-clang, r-devel-linux-x86_64-debian-gcc