Last updated on 2025-07-12 18:49:55 CEST.
Flavor | Version | Tinstall | Tcheck | Ttotal | Status | Flags |
---|---|---|---|---|---|---|
r-devel-linux-x86_64-debian-clang | 2.1.0 | 5.33 | 51.69 | 57.02 | NOTE | |
r-devel-linux-x86_64-debian-gcc | 2.1.0 | 3.71 | 38.84 | 42.55 | NOTE | |
r-devel-linux-x86_64-fedora-clang | 2.1.0 | 88.38 | OK | |||
r-devel-linux-x86_64-fedora-gcc | 2.1.0 | 84.73 | OK | |||
r-devel-windows-x86_64 | 2.1.0 | 6.00 | 70.00 | 76.00 | OK | |
r-patched-linux-x86_64 | 2.1.0 | 4.75 | 49.36 | 54.11 | OK | |
r-release-linux-x86_64 | 2.1.0 | 5.53 | 49.39 | 54.92 | OK | |
r-release-macos-arm64 | 2.1.0 | 31.00 | OK | |||
r-release-macos-x86_64 | 2.1.0 | 55.00 | OK | |||
r-release-windows-x86_64 | 2.1.0 | 6.00 | 72.00 | 78.00 | OK | |
r-oldrel-macos-arm64 | 2.1.0 | 26.00 | OK | |||
r-oldrel-macos-x86_64 | 2.1.0 | 42.00 | OK | |||
r-oldrel-windows-x86_64 | 2.1.0 | 8.00 | 84.00 | 92.00 | OK |
Version: 2.1.0
Check: CRAN incoming feasibility
Result: NOTE
Maintainer: ‘Sergio Garofalo <sergio.garofalo96@gmail.com>’
No Authors@R field in DESCRIPTION.
Please add one, modifying
Authors@R: person(given = "Sergio",
family = "Garofalo",
role = c("aut", "cre"),
email = "sergio.garofalo96@gmail.com")
as necessary.
Flavors: r-devel-linux-x86_64-debian-clang, r-devel-linux-x86_64-debian-gcc