Last updated on 2025-02-21 17:50:56 CET.
Flavor | Version | Tinstall | Tcheck | Ttotal | Status | Flags |
---|---|---|---|---|---|---|
r-devel-linux-x86_64-debian-clang | 1.1.0 | 36.70 | 88.02 | 124.72 | NOTE | |
r-devel-linux-x86_64-debian-gcc | 1.1.0 | 26.77 | 63.64 | 90.41 | NOTE | |
r-devel-linux-x86_64-fedora-clang | 1.1.0 | 222.87 | NOTE | |||
r-devel-linux-x86_64-fedora-gcc | 1.1.0 | 215.27 | NOTE | |||
r-devel-macos-arm64 | 1.1.0 | 50.00 | NOTE | |||
r-devel-macos-x86_64 | 1.1.0 | 104.00 | NOTE | |||
r-devel-windows-x86_64 | 1.1.0 | 40.00 | 122.00 | 162.00 | NOTE | |
r-patched-linux-x86_64 | 1.1.0 | 36.83 | 82.21 | 119.04 | NOTE | |
r-release-linux-x86_64 | 1.1.0 | 37.31 | 82.29 | 119.60 | NOTE | |
r-release-macos-arm64 | 1.1.0 | 50.00 | NOTE | |||
r-release-macos-x86_64 | 1.1.0 | 78.00 | NOTE | |||
r-release-windows-x86_64 | 1.1.0 | 39.00 | 109.00 | 148.00 | NOTE | |
r-oldrel-macos-arm64 | 1.1.0 | 55.00 | NOTE | |||
r-oldrel-macos-x86_64 | 1.1.0 | 101.00 | NOTE | |||
r-oldrel-windows-x86_64 | 1.1.0 | 51.00 | 147.00 | 198.00 | NOTE |
Version: 1.1.0
Check: C++ specification
Result: NOTE
Specified C++11: please drop specification unless essential
Flavors: r-devel-linux-x86_64-debian-clang, r-devel-linux-x86_64-debian-gcc, r-devel-linux-x86_64-fedora-clang, r-devel-linux-x86_64-fedora-gcc, r-devel-macos-arm64, r-devel-macos-x86_64, r-devel-windows-x86_64, r-patched-linux-x86_64, r-release-linux-x86_64, r-release-macos-arm64, r-release-macos-x86_64, r-release-windows-x86_64, r-oldrel-macos-arm64, r-oldrel-macos-x86_64, r-oldrel-windows-x86_64
Version: 1.1.0
Check: package subdirectories
Result: NOTE
Problems with news in ‘NEWS.md’:
No news entries found.
Flavors: r-devel-linux-x86_64-debian-clang, r-devel-linux-x86_64-debian-gcc, r-devel-linux-x86_64-fedora-clang, r-devel-linux-x86_64-fedora-gcc, r-devel-macos-arm64, r-devel-macos-x86_64, r-devel-windows-x86_64, r-patched-linux-x86_64, r-release-linux-x86_64, r-release-macos-arm64, r-release-macos-x86_64, r-release-windows-x86_64, r-oldrel-macos-arm64, r-oldrel-macos-x86_64, r-oldrel-windows-x86_64