Last updated on 2025-11-04 11:52:45 CET.
| Flavor | Version | Tinstall | Tcheck | Ttotal | Status | Flags | 
|---|---|---|---|---|---|---|
| r-devel-linux-x86_64-debian-clang | 2.0.0 | 4.08 | 107.40 | 111.48 | NOTE | |
| r-devel-linux-x86_64-debian-gcc | 2.0.0 | 3.21 | 84.42 | 87.63 | NOTE | |
| r-devel-linux-x86_64-fedora-clang | 2.0.0 | 167.35 | NOTE | |||
| r-devel-linux-x86_64-fedora-gcc | 2.0.0 | 11.00 | 152.49 | 163.49 | NOTE | |
| r-devel-windows-x86_64 | 2.0.0 | 10.00 | 167.00 | 177.00 | NOTE | |
| r-patched-linux-x86_64 | 2.0.0 | 7.71 | 102.42 | 110.13 | NOTE | |
| r-release-linux-x86_64 | 2.0.0 | 3.78 | 102.75 | 106.53 | NOTE | |
| r-release-macos-arm64 | 2.0.0 | 2.00 | 62.00 | 64.00 | NOTE | |
| r-release-macos-x86_64 | 2.0.0 | 4.00 | 95.00 | 99.00 | NOTE | |
| r-release-windows-x86_64 | 2.0.0 | 7.00 | 161.00 | 168.00 | NOTE | |
| r-oldrel-macos-arm64 | 2.0.0 | 2.00 | 54.00 | 56.00 | NOTE | |
| r-oldrel-macos-x86_64 | 2.0.0 | 4.00 | 84.00 | 88.00 | NOTE | |
| r-oldrel-windows-x86_64 | 2.0.0 | 8.00 | 160.00 | 168.00 | NOTE | 
Version: 2.0.0
Check: CRAN incoming feasibility
Result: NOTE
  Maintainer: ‘Robin Lock <rlock@stlawu.edu>’
  
  No Authors@R field in DESCRIPTION.
  Please add one, modifying
    Authors@R: c(person(given = "Ann",
                        family = "Cannon",
                        role = "aut"),
                 person(given = "George",
                        family = "Cobb",
                        role = "aut"),
                 person(given = "Bradley",
                        family = "Hartlaub",
                        role = "aut"),
                 person(given = "Julie",
                        family = "Legler",
                        role = "aut"),
                 person(given = "Robin",
                        family = "Lock",
                        role = c("aut", "cre"),
                        email = "rlock@stlawu.edu"),
                 person(given = "Thomas",
                        family = "Moore",
                        role = "aut"),
                 person(given = "Allan",
                        family = "Rossman",
                        role = "aut"),
                 person(given = "Jeffrey",
                        family = "Witmer",
                        role = "aut"))
  as necessary.
  
  The BugReports field in DESCRIPTION has
    https://github.com/statmanrobin/Stat2Data
  which should likely be
    https://github.com/statmanrobin/Stat2Data/issues
  instead.
Flavors: r-devel-linux-x86_64-debian-clang, r-devel-linux-x86_64-debian-gcc
Version: 2.0.0
Check: Rd files
Result: NOTE
  checkRd: (-1) AutoPollution.Rd:16: Lost braces
      16 |     \code{Side} \tab {Side of vehicle: code{1}=right or \code{2}=left}\cr
         |                                            ^
Flavors: r-devel-linux-x86_64-debian-clang, r-devel-linux-x86_64-debian-gcc, r-devel-linux-x86_64-fedora-clang, r-devel-linux-x86_64-fedora-gcc, r-devel-windows-x86_64, r-patched-linux-x86_64, r-release-linux-x86_64, r-release-macos-arm64, r-release-macos-x86_64, r-release-windows-x86_64, r-oldrel-macos-arm64, r-oldrel-macos-x86_64, r-oldrel-windows-x86_64