CRAN Package Check Results for Package Sstack

Last updated on 2025-11-03 17:50:04 CET.

Flavor Version Tinstall Tcheck Ttotal Status Flags
r-devel-linux-x86_64-debian-clang 1.0.1 4.78 36.44 41.22 NOTE
r-devel-linux-x86_64-debian-gcc 1.0.1 3.28 27.68 30.96 NOTE
r-devel-linux-x86_64-fedora-clang 1.0.1 11.00 50.07 61.07 OK
r-devel-linux-x86_64-fedora-gcc 1.0.1 57.93 OK
r-devel-windows-x86_64 1.0.1 6.00 54.00 60.00 OK
r-patched-linux-x86_64 1.0.1 4.02 34.16 38.18 OK
r-release-linux-x86_64 1.0.1 4.02 33.70 37.72 OK
r-release-macos-arm64 1.0.1 2.00 23.00 25.00 OK
r-release-macos-x86_64 1.0.1 4.00 42.00 46.00 OK
r-release-windows-x86_64 1.0.1 6.00 53.00 59.00 OK
r-oldrel-macos-arm64 1.0.1 2.00 23.00 25.00 OK
r-oldrel-macos-x86_64 1.0.1 3.00 31.00 34.00 OK
r-oldrel-windows-x86_64 1.0.1 7.00 65.00 72.00 OK

Check Details

Version: 1.0.1
Check: CRAN incoming feasibility
Result: NOTE Maintainer: ‘Kevin Matlock <kevin.matlock@gmail.com>’ No Authors@R field in DESCRIPTION. Please add one, modifying Authors@R: c(person(given = "Kevin", family = "Matlock", role = c("aut", "cre"), email = "kevin.matlock@gmail.com"), person(given = "Raziur", family = "Rahman", role = "aut")) as necessary. Flavors: r-devel-linux-x86_64-debian-clang, r-devel-linux-x86_64-debian-gcc

mirror server hosted at Truenetwork, Russian Federation.