Last updated on 2025-02-22 05:51:52 CET.
Flavor | Version | Tinstall | Tcheck | Ttotal | Status | Flags |
---|---|---|---|---|---|---|
r-devel-linux-x86_64-debian-clang | 1.3.0 | 9.88 | 145.96 | 155.84 | OK | |
r-devel-linux-x86_64-debian-gcc | 1.3.0 | 6.70 | 103.21 | 109.91 | OK | |
r-devel-linux-x86_64-fedora-clang | 1.3.0 | 242.27 | OK | |||
r-devel-linux-x86_64-fedora-gcc | 1.3.0 | 243.74 | OK | |||
r-devel-macos-arm64 | 1.3.0 | 68.00 | OK | |||
r-devel-macos-x86_64 | 1.3.0 | 115.00 | OK | |||
r-devel-windows-x86_64 | 1.3.0 | 12.00 | 129.00 | 141.00 | OK | |
r-patched-linux-x86_64 | 1.3.0 | 9.59 | 134.38 | 143.97 | OK | |
r-release-linux-x86_64 | 1.3.0 | 9.33 | 134.85 | 144.18 | OK | |
r-release-macos-arm64 | 1.3.0 | 60.00 | NOTE | |||
r-release-macos-x86_64 | 1.3.0 | 93.00 | NOTE | |||
r-release-windows-x86_64 | 1.3.0 | 13.00 | 128.00 | 141.00 | NOTE | |
r-oldrel-macos-arm64 | 1.3.0 | 67.00 | NOTE | |||
r-oldrel-macos-x86_64 | 1.3.0 | 121.00 | NOTE | |||
r-oldrel-windows-x86_64 | 1.3.0 | 15.00 | 157.00 | 172.00 | NOTE |
Version: 1.3.0
Check: installed package size
Result: NOTE
installed size is 8.7Mb
sub-directories of 1Mb or more:
doc 8.2Mb
Flavors: r-release-macos-arm64, r-release-macos-x86_64, r-release-windows-x86_64, r-oldrel-macos-arm64, r-oldrel-macos-x86_64, r-oldrel-windows-x86_64