Last updated on 2025-02-21 17:50:56 CET.
Flavor | Version | Tinstall | Tcheck | Ttotal | Status | Flags |
---|---|---|---|---|---|---|
r-devel-linux-x86_64-debian-clang | 1.0.2 | 29.39 | 32.30 | 61.69 | NOTE | |
r-devel-linux-x86_64-debian-gcc | 1.0.2 | 20.27 | 25.33 | 45.60 | NOTE | |
r-devel-linux-x86_64-fedora-clang | 1.0.2 | 121.71 | NOTE | |||
r-devel-linux-x86_64-fedora-gcc | 1.0.2 | 116.45 | NOTE | |||
r-devel-macos-arm64 | 1.0.2 | 36.00 | OK | |||
r-devel-macos-x86_64 | 1.0.2 | 76.00 | OK | |||
r-devel-windows-x86_64 | 1.0.2 | 37.00 | 72.00 | 109.00 | NOTE | |
r-patched-linux-x86_64 | 1.0.2 | 27.12 | 30.27 | 57.39 | OK | |
r-release-linux-x86_64 | 1.0.2 | 27.82 | 30.36 | 58.18 | OK | |
r-release-macos-arm64 | 1.0.2 | 37.00 | OK | |||
r-release-macos-x86_64 | 1.0.2 | 54.00 | OK | |||
r-release-windows-x86_64 | 1.0.2 | 38.00 | 66.00 | 104.00 | NOTE | |
r-oldrel-macos-arm64 | 1.0.2 | 39.00 | OK | |||
r-oldrel-macos-x86_64 | 1.0.2 | 62.00 | OK | |||
r-oldrel-windows-x86_64 | 1.0.2 | 44.00 | 86.00 | 130.00 | NOTE |
Version: 1.0.2
Check: top-level files
Result: NOTE
possible bashism in configure.ac line 36 (should be 'b = a'):
if test "$ac_cv_header_stdint_h" == yes; then
possible bashism in configure.ac line 50 (should be 'b = a'):
if test "$ac_cv_header_inttypes_h" == yes; then
Flavors: r-devel-linux-x86_64-debian-clang, r-devel-linux-x86_64-debian-gcc, r-devel-linux-x86_64-fedora-clang, r-devel-linux-x86_64-fedora-gcc
Version: 1.0.2
Check: C++ specification
Result: NOTE
Specified C++11: please drop specification unless essential
Flavors: r-devel-windows-x86_64, r-release-windows-x86_64, r-oldrel-windows-x86_64