CRAN Package Check Results for Package SplitKnockoff

Last updated on 2025-07-13 00:48:41 CEST.

Flavor Version Tinstall Tcheck Ttotal Status Flags
r-devel-linux-x86_64-debian-clang 2.1 8.04 63.95 71.99 OK
r-devel-linux-x86_64-debian-gcc 2.1 5.57 48.27 53.84 OK
r-devel-linux-x86_64-fedora-clang 2.1 112.19 NOTE
r-devel-linux-x86_64-fedora-gcc 2.1 118.38 NOTE
r-devel-windows-x86_64 2.1 8.00 72.00 80.00 OK
r-patched-linux-x86_64 2.1 7.14 61.38 68.52 OK
r-release-linux-x86_64 2.1 7.48 61.16 68.64 OK
r-release-macos-arm64 2.1 40.00 OK
r-release-macos-x86_64 2.1 106.00 OK
r-release-windows-x86_64 2.1 9.00 74.00 83.00 OK
r-oldrel-macos-arm64 2.1 42.00 OK
r-oldrel-macos-x86_64 2.1 71.00 OK
r-oldrel-windows-x86_64 2.1 11.00 94.00 105.00 OK

Check Details

Version: 2.1
Check: dependencies in R code
Result: NOTE Namespaces in Imports field not imported from: ‘Matrix’ ‘RSpectra’ ‘ggplot2’ ‘latex2exp’ ‘mvtnorm’ All declared Imports should be used. Flavors: r-devel-linux-x86_64-fedora-clang, r-devel-linux-x86_64-fedora-gcc

mirror server hosted at Truenetwork, Russian Federation.