Last updated on 2025-02-21 17:50:56 CET.
Flavor | Version | Tinstall | Tcheck | Ttotal | Status | Flags |
---|---|---|---|---|---|---|
r-devel-linux-x86_64-debian-clang | 1.0.5 | 76.36 | 27.89 | 104.25 | NOTE | |
r-devel-linux-x86_64-debian-gcc | 1.0.5 | 51.43 | 22.08 | 73.51 | NOTE | |
r-devel-linux-x86_64-fedora-clang | 1.0.5 | 222.03 | NOTE | |||
r-devel-linux-x86_64-fedora-gcc | 1.0.5 | 208.97 | NOTE | |||
r-devel-macos-arm64 | 1.0.5 | 46.00 | OK | |||
r-devel-macos-x86_64 | 1.0.5 | 76.00 | OK | |||
r-devel-windows-x86_64 | 1.0.5 | 82.00 | 71.00 | 153.00 | NOTE | |
r-patched-linux-x86_64 | 1.0.5 | 76.22 | 25.83 | 102.05 | OK | |
r-release-linux-x86_64 | 1.0.5 | 75.03 | 25.59 | 100.62 | OK | |
r-release-macos-arm64 | 1.0.5 | 48.00 | NOTE | |||
r-release-macos-x86_64 | 1.0.5 | 59.00 | NOTE | |||
r-release-windows-x86_64 | 1.0.5 | 82.00 | 64.00 | 146.00 | NOTE | |
r-oldrel-macos-arm64 | 1.0.5 | 58.00 | NOTE | |||
r-oldrel-macos-x86_64 | 1.0.5 | 100.00 | NOTE | |||
r-oldrel-windows-x86_64 | 1.0.5 | 98.00 | 97.00 | 195.00 | NOTE |
Version: 1.0.5
Check: top-level files
Result: NOTE
possible bashism in configure.ac line 36 (should be 'b = a'):
if test "$ac_cv_header_stdint_h" == yes; then
possible bashism in configure.ac line 50 (should be 'b = a'):
if test "$ac_cv_header_inttypes_h" == yes; then
Flavors: r-devel-linux-x86_64-debian-clang, r-devel-linux-x86_64-debian-gcc, r-devel-linux-x86_64-fedora-clang, r-devel-linux-x86_64-fedora-gcc
Version: 1.0.5
Check: C++ specification
Result: NOTE
Specified C++11: please drop specification unless essential
Flavors: r-devel-windows-x86_64, r-release-windows-x86_64, r-oldrel-windows-x86_64
Version: 1.0.5
Check: installed package size
Result: NOTE
installed size is 5.1Mb
sub-directories of 1Mb or more:
libs 5.0Mb
Flavors: r-release-macos-arm64, r-release-macos-x86_64, r-oldrel-macos-arm64, r-oldrel-macos-x86_64