Last updated on 2025-11-04 05:51:27 CET.
| Flavor | Version | Tinstall | Tcheck | Ttotal | Status | Flags | 
|---|---|---|---|---|---|---|
| r-devel-linux-x86_64-debian-clang | 1.0.6 | 71.49 | 31.11 | 102.60 | OK | |
| r-devel-linux-x86_64-debian-gcc | 1.0.6 | 48.50 | 24.94 | 73.44 | OK | |
| r-devel-linux-x86_64-fedora-clang | 1.0.6 | 82.00 | 117.84 | 199.84 | OK | |
| r-devel-linux-x86_64-fedora-gcc | 1.0.6 | 100.00 | 81.25 | 181.25 | OK | |
| r-devel-windows-x86_64 | 1.0.6 | 90.00 | 65.00 | 155.00 | OK | |
| r-patched-linux-x86_64 | 1.0.6 | 75.58 | 28.44 | 104.02 | OK | |
| r-release-linux-x86_64 | 1.0.6 | 73.73 | 28.53 | 102.26 | OK | |
| r-release-macos-arm64 | 1.0.6 | 32.00 | 18.00 | 50.00 | OK | |
| r-release-macos-x86_64 | 1.0.6 | 48.00 | 30.00 | 78.00 | OK | |
| r-release-windows-x86_64 | 1.0.6 | 86.00 | 64.00 | 150.00 | OK | |
| r-oldrel-macos-arm64 | 1.0.6 | 34.00 | 21.00 | 55.00 | NOTE | |
| r-oldrel-macos-x86_64 | 1.0.6 | 46.00 | 27.00 | 73.00 | NOTE | |
| r-oldrel-windows-x86_64 | 1.0.6 | 104.00 | 80.00 | 184.00 | OK | 
Version: 1.0.6
Check: installed package size
Result: NOTE
    installed size is  5.2Mb
    sub-directories of 1Mb or more:
      libs   5.0Mb
Flavors: r-oldrel-macos-arm64, r-oldrel-macos-x86_64