Last updated on 2025-07-11 06:48:45 CEST.
Flavor | Version | Tinstall | Tcheck | Ttotal | Status | Flags |
---|---|---|---|---|---|---|
r-devel-linux-x86_64-debian-clang | 1.3.5 | 64.38 | 28.55 | 92.93 | NOTE | |
r-devel-linux-x86_64-debian-gcc | 1.3.5 | 42.13 | 23.14 | 65.27 | NOTE | |
r-devel-linux-x86_64-fedora-clang | 1.3.5 | 180.58 | OK | |||
r-devel-linux-x86_64-fedora-gcc | 1.3.5 | 149.80 | OK | |||
r-devel-windows-x86_64 | 1.3.5 | 71.00 | 69.00 | 140.00 | OK | |
r-patched-linux-x86_64 | 1.3.5 | 62.24 | 25.72 | 87.96 | OK | |
r-release-linux-x86_64 | 1.3.5 | 58.29 | 25.59 | 83.88 | OK | |
r-release-macos-arm64 | 1.3.5 | 45.00 | OK | |||
r-release-macos-x86_64 | 1.3.5 | 51.00 | OK | |||
r-release-windows-x86_64 | 1.3.5 | 71.00 | 73.00 | 144.00 | OK | |
r-oldrel-macos-arm64 | 1.3.5 | 41.00 | OK | |||
r-oldrel-macos-x86_64 | 1.3.5 | 44.00 | OK | |||
r-oldrel-windows-x86_64 | 1.3.5 | 84.00 | 78.00 | 162.00 | OK |
Version: 1.3.5
Check: CRAN incoming feasibility
Result: NOTE
Maintainer: ‘Francesco Pantalone <pantalone.fra@gmail.com>’
The Description field contains
<arXiv:1710.09116>. The implementation has been done in C++ through the
Please refer to arXiv e-prints via their arXiv DOI <doi:10.48550/arXiv.YYMM.NNNNN>.
Flavors: r-devel-linux-x86_64-debian-clang, r-devel-linux-x86_64-debian-gcc