Last updated on 2025-11-04 05:51:26 CET.
| Flavor | Version | Tinstall | Tcheck | Ttotal | Status | Flags | 
|---|---|---|---|---|---|---|
| r-devel-linux-x86_64-debian-clang | 1.0.0 | 28.59 | 80.23 | 108.82 | NOTE | |
| r-devel-linux-x86_64-debian-gcc | 1.0.0 | 21.68 | 60.79 | 82.47 | NOTE | |
| r-devel-linux-x86_64-fedora-clang | 1.0.0 | 71.00 | 109.55 | 180.55 | NOTE | |
| r-devel-linux-x86_64-fedora-gcc | 1.0.0 | 62.00 | 104.91 | 166.91 | NOTE | |
| r-devel-windows-x86_64 | 1.0.0 | 36.00 | 97.00 | 133.00 | NOTE | |
| r-patched-linux-x86_64 | 1.0.0 | 27.20 | 77.17 | 104.37 | NOTE | |
| r-release-linux-x86_64 | 1.0.0 | 26.92 | 76.26 | 103.18 | NOTE | |
| r-release-macos-arm64 | 1.0.0 | 21.00 | 34.00 | 55.00 | NOTE | |
| r-release-macos-x86_64 | 1.0.0 | 39.00 | 57.00 | 96.00 | NOTE | |
| r-release-windows-x86_64 | 1.0.0 | 38.00 | 94.00 | 132.00 | NOTE | |
| r-oldrel-macos-arm64 | 1.0.0 | 22.00 | 35.00 | 57.00 | NOTE | |
| r-oldrel-macos-x86_64 | 1.0.0 | 28.00 | 47.00 | 75.00 | NOTE | |
| r-oldrel-windows-x86_64 | 1.0.0 | 48.00 | 126.00 | 174.00 | NOTE | 
Version: 1.0.0
Check: DESCRIPTION meta-information
Result: NOTE
    Missing dependency on R >= 4.1.0 because package code uses the pipe
    |> or function shorthand \(...) syntax added in R 4.1.0.
    File(s) using such syntax:
      ‘SouthPark_Script_Data.Rd’ ‘app_server.R’
Flavors: r-devel-linux-x86_64-debian-clang, r-devel-linux-x86_64-debian-gcc, r-devel-linux-x86_64-fedora-clang, r-devel-linux-x86_64-fedora-gcc, r-devel-windows-x86_64, r-patched-linux-x86_64, r-release-linux-x86_64, r-release-macos-arm64, r-release-windows-x86_64
Version: 1.0.0
Check: DESCRIPTION meta-information
Result: NOTE
    Missing dependency on R >= 4.1.0 because package code uses the pipe
    |> or function shorthand \(...) syntax added in R 4.1.0.
    File(s) using such syntax:
      ‘app_server.R’
Flavor: r-release-macos-x86_64
Version: 1.0.0
Check: package dependencies
Result: NOTE
  Package suggested but not available for checking: ‘gridlayout’
Flavors: r-oldrel-macos-arm64, r-oldrel-macos-x86_64, r-oldrel-windows-x86_64
Version: 1.0.0
Check: installed package size
Result: NOTE
    installed size is  5.4Mb
    sub-directories of 1Mb or more:
      data   4.8Mb
Flavors: r-oldrel-macos-arm64, r-oldrel-macos-x86_64