Last updated on 2025-11-03 23:50:34 CET.
| Flavor | Version | Tinstall | Tcheck | Ttotal | Status | Flags | 
|---|---|---|---|---|---|---|
| r-devel-linux-x86_64-debian-clang | 1.6.2 | 71.62 | 296.14 | 367.76 | NOTE | |
| r-devel-linux-x86_64-debian-gcc | 1.6.2 | 56.37 | 205.78 | 262.15 | NOTE | |
| r-devel-linux-x86_64-fedora-clang | 1.6.2 | 342.00 | 256.84 | 598.84 | OK | |
| r-devel-linux-x86_64-fedora-gcc | 1.6.2 | 167.00 | 407.36 | 574.36 | OK | |
| r-devel-windows-x86_64 | 1.6.2 | 67.00 | 258.00 | 325.00 | OK | |
| r-patched-linux-x86_64 | 1.6.2 | 67.67 | 281.68 | 349.35 | OK | |
| r-release-linux-x86_64 | 1.6.2 | 68.36 | 280.45 | 348.81 | OK | |
| r-release-macos-arm64 | 1.6.2 | 47.00 | 117.00 | 164.00 | OK | |
| r-release-macos-x86_64 | 1.6.2 | 70.00 | 224.00 | 294.00 | OK | |
| r-release-windows-x86_64 | 1.6.2 | 73.00 | 255.00 | 328.00 | OK | |
| r-oldrel-macos-arm64 | 1.6.2 | 46.00 | 115.00 | 161.00 | NOTE | |
| r-oldrel-macos-x86_64 | 1.6.2 | 54.00 | 182.00 | 236.00 | NOTE | |
| r-oldrel-windows-x86_64 | 1.6.2 | 101.00 | 382.00 | 483.00 | NOTE | 
Version: 1.6.2
Check: CRAN incoming feasibility
Result: NOTE
  Maintainer: ‘Matthew Daniel Young <my4@sanger.ac.uk>’
  
  No Authors@R field in DESCRIPTION.
  Please add one, modifying
    Authors@R: person(given = c("Matthew", "Daniel"),
                      family = "Young",
                      role = c("aut", "cre"),
                      email = "my4@sanger.ac.uk")
  as necessary.
Flavors: r-devel-linux-x86_64-debian-clang, r-devel-linux-x86_64-debian-gcc
Version: 1.6.2
Check: package dependencies
Result: NOTE
  Package suggested but not available for checking: ‘DropletUtils’
Flavor: r-oldrel-macos-arm64
Version: 1.6.2
Check: installed package size
Result: NOTE
    installed size is  6.7Mb
    sub-directories of 1Mb or more:
      data   4.9Mb
      doc    1.0Mb
Flavors: r-oldrel-macos-arm64, r-oldrel-macos-x86_64, r-oldrel-windows-x86_64