Last updated on 2025-11-04 05:51:26 CET.
| Flavor | Version | Tinstall | Tcheck | Ttotal | Status | Flags | 
|---|---|---|---|---|---|---|
| r-devel-linux-x86_64-debian-clang | 1.2.107 | 19.63 | 158.37 | 178.00 | NOTE | |
| r-devel-linux-x86_64-debian-gcc | 1.2.107 | 12.34 | 104.15 | 116.49 | NOTE | |
| r-devel-linux-x86_64-fedora-clang | 1.2.107 | 41.00 | 219.80 | 260.80 | OK | |
| r-devel-linux-x86_64-fedora-gcc | 1.2.107 | 40.00 | 210.19 | 250.19 | OK | |
| r-devel-windows-x86_64 | 1.2.107 | 26.00 | 216.00 | 242.00 | OK | |
| r-patched-linux-x86_64 | 1.2.107 | 24.73 | 148.89 | 173.62 | OK | |
| r-release-linux-x86_64 | 1.2.107 | 20.21 | 150.70 | 170.91 | OK | |
| r-release-macos-arm64 | 1.2.107 | 10.00 | 68.00 | 78.00 | OK | |
| r-release-macos-x86_64 | 1.2.107 | 20.00 | 152.00 | 172.00 | OK | |
| r-release-windows-x86_64 | 1.2.107 | 24.00 | 213.00 | 237.00 | OK | |
| r-oldrel-macos-arm64 | 1.2.107 | 8.00 | 60.00 | 68.00 | OK | |
| r-oldrel-macos-x86_64 | 1.2.107 | 14.00 | 95.00 | 109.00 | OK | |
| r-oldrel-windows-x86_64 | 1.2.107 | 36.00 | 276.00 | 312.00 | OK | 
Version: 1.2.107
Check: CRAN incoming feasibility
Result: NOTE
  Maintainer: ‘Carlos A. Sierra <csierra@bgc-jena.mpg.de>’
  
  No Authors@R field in DESCRIPTION.
  Please add one, modifying
    Authors@R: c(person(given = c("Carlos", "A."),
                        family = "Sierra",
                        role = c("aut", "cre"),
                        email = "csierra@bgc-jena.mpg.de"),
                 person(given = "Markus",
                        family = "Mueller",
                        role = "aut"))
  as necessary.
Flavors: r-devel-linux-x86_64-debian-clang, r-devel-linux-x86_64-debian-gcc