Last updated on 2025-02-21 17:50:55 CET.
Flavor | Version | Tinstall | Tcheck | Ttotal | Status | Flags |
---|---|---|---|---|---|---|
r-devel-linux-x86_64-debian-clang | 1.0.2 | 33.38 | 256.96 | 290.34 | OK | |
r-devel-linux-x86_64-debian-gcc | 1.0.2 | 24.15 | 135.92 | 160.07 | OK | |
r-devel-linux-x86_64-fedora-clang | 1.0.2 | 470.32 | OK | |||
r-devel-linux-x86_64-fedora-gcc | 1.0.2 | 532.13 | OK | |||
r-devel-macos-x86_64 | 1.0.2 | 273.00 | OK | |||
r-release-linux-x86_64 | 1.0.2 | 35.80 | 227.54 | 263.34 | OK | |
r-release-macos-x86_64 | 1.0.2 | 301.00 | NOTE | |||
r-release-windows-x86_64 | 1.0.2 | 33.00 | 266.00 | 299.00 | OK | |
r-oldrel-macos-x86_64 | 1.0.2 | 305.00 | NOTE | |||
r-oldrel-windows-x86_64 | 1.0.2 | 39.00 | 296.00 | 335.00 | OK |
Version: 1.0.2
Check: installed package size
Result: NOTE
installed size is 5.6Mb
sub-directories of 1Mb or more:
libs 4.8Mb
Flavors: r-release-macos-x86_64, r-oldrel-macos-x86_64