CRAN Package Check Results for Package SiZer

Last updated on 2025-07-13 06:48:38 CEST.

Flavor Version Tinstall Tcheck Ttotal Status Flags
r-devel-linux-x86_64-debian-clang 0.1-8 2.70 38.24 40.94 NOTE
r-devel-linux-x86_64-debian-gcc 0.1-8 2.17 28.60 30.77 NOTE
r-devel-linux-x86_64-fedora-clang 0.1-8 64.19 NOTE
r-devel-linux-x86_64-fedora-gcc 0.1-8 60.62 NOTE
r-devel-windows-x86_64 0.1-8 5.00 56.00 61.00 NOTE
r-patched-linux-x86_64 0.1-8 3.25 35.91 39.16 NOTE
r-release-linux-x86_64 0.1-8 2.91 35.68 38.59 NOTE
r-release-macos-arm64 0.1-8 23.00 NOTE
r-release-macos-x86_64 0.1-8 38.00 NOTE
r-release-windows-x86_64 0.1-8 5.00 60.00 65.00 NOTE
r-oldrel-macos-arm64 0.1-8 23.00 OK
r-oldrel-macos-x86_64 0.1-8 32.00 OK
r-oldrel-windows-x86_64 0.1-8 6.00 67.00 73.00 OK

Check Details

Version: 0.1-8
Check: DESCRIPTION meta-information
Result: NOTE Missing dependency on R >= 4.1.0 because package code uses the pipe |> or function shorthand \(...) syntax added in R 4.1.0. File(s) using such syntax: ‘SiZer.R’ Flavors: r-devel-linux-x86_64-debian-clang, r-devel-linux-x86_64-debian-gcc, r-devel-linux-x86_64-fedora-clang, r-devel-linux-x86_64-fedora-gcc, r-devel-windows-x86_64, r-patched-linux-x86_64, r-release-linux-x86_64, r-release-macos-arm64, r-release-macos-x86_64, r-release-windows-x86_64

mirror server hosted at Truenetwork, Russian Federation.