Last updated on 2025-11-04 05:51:25 CET.
| Flavor | Version | Tinstall | Tcheck | Ttotal | Status | Flags | 
|---|---|---|---|---|---|---|
| r-devel-linux-x86_64-debian-clang | 5.2.0 | 49.32 | 207.10 | 256.42 | OK | |
| r-devel-linux-x86_64-debian-gcc | 5.2.0 | 30.37 | 139.80 | 170.17 | OK | |
| r-devel-linux-x86_64-fedora-clang | 5.2.0 | 252.00 | 185.00 | 437.00 | OK | |
| r-devel-linux-x86_64-fedora-gcc | 5.2.0 | 121.00 | 266.82 | 387.82 | OK | |
| r-devel-windows-x86_64 | 5.2.0 | 52.00 | 266.00 | 318.00 | OK | |
| r-patched-linux-x86_64 | 5.2.0 | 50.61 | 181.20 | 231.81 | OK | |
| r-release-linux-x86_64 | 5.2.0 | 46.89 | 196.35 | 243.24 | OK | |
| r-release-macos-arm64 | 5.2.0 | 20.00 | 81.00 | 101.00 | OK | |
| r-release-macos-x86_64 | 5.2.0 | 32.00 | 142.00 | 174.00 | OK | |
| r-release-windows-x86_64 | 5.2.0 | 53.00 | 259.00 | 312.00 | OK | |
| r-oldrel-macos-arm64 | 5.2.0 | 19.00 | 81.00 | 100.00 | NOTE | |
| r-oldrel-macos-x86_64 | 5.2.0 | 55.00 | 157.00 | 212.00 | NOTE | |
| r-oldrel-windows-x86_64 | 5.2.0 | 74.00 | 332.00 | 406.00 | NOTE | 
Version: 5.2.0
Check: package dependencies
Result: NOTE
  Package suggested but not available for checking: ‘BPCells’
Flavors: r-oldrel-macos-arm64, r-oldrel-macos-x86_64, r-oldrel-windows-x86_64