Last updated on 2025-11-04 05:51:27 CET.
| Flavor | Version | Tinstall | Tcheck | Ttotal | Status | Flags | 
|---|---|---|---|---|---|---|
| r-devel-linux-x86_64-debian-clang | 1.0.2 | 5.67 | 38.87 | 44.54 | NOTE | |
| r-devel-linux-x86_64-debian-gcc | 1.0.2 | 3.58 | 28.00 | 31.58 | NOTE | |
| r-devel-linux-x86_64-fedora-clang | 1.0.2 | 12.00 | 55.66 | 67.66 | OK | |
| r-devel-linux-x86_64-fedora-gcc | 1.0.2 | 12.00 | 67.05 | 79.05 | OK | |
| r-devel-windows-x86_64 | 1.0.2 | 6.00 | 59.00 | 65.00 | OK | |
| r-patched-linux-x86_64 | 1.0.2 | 5.81 | 37.43 | 43.24 | OK | |
| r-release-linux-x86_64 | 1.0.2 | 5.27 | 35.97 | 41.24 | OK | |
| r-release-macos-arm64 | 1.0.2 | 3.00 | 27.00 | 30.00 | OK | |
| r-release-macos-x86_64 | 1.0.2 | 6.00 | 54.00 | 60.00 | OK | |
| r-release-windows-x86_64 | 1.0.2 | 6.00 | 58.00 | 64.00 | OK | |
| r-oldrel-macos-arm64 | 1.0.2 | 2.00 | 23.00 | 25.00 | OK | |
| r-oldrel-macos-x86_64 | 1.0.2 | 4.00 | 42.00 | 46.00 | OK | |
| r-oldrel-windows-x86_64 | 1.0.2 | 5.00 | 62.00 | 67.00 | OK | 
Version: 1.0.2
Check: CRAN incoming feasibility
Result: NOTE
  Maintainer: ‘Mike Lee <random.deviate@gmail.com>’
  
  No Authors@R field in DESCRIPTION.
  Please add one, modifying
    Authors@R: person(given = "Mike",
                      family = "Lee",
                      role = c("aut", "cre"),
                      email = "random.deviate@gmail.com")
  as necessary.
Flavors: r-devel-linux-x86_64-debian-clang, r-devel-linux-x86_64-debian-gcc