Last updated on 2025-02-22 11:51:43 CET.
Flavor | Version | Tinstall | Tcheck | Ttotal | Status | Flags |
---|---|---|---|---|---|---|
r-devel-linux-x86_64-debian-clang | 1.6.3 | 24.04 | 66.44 | 90.48 | OK | |
r-devel-linux-x86_64-debian-gcc | 1.6.3 | 0.43 | 1.66 | 2.09 | ERROR | |
r-devel-linux-x86_64-fedora-clang | 1.6.3 | 158.46 | OK | |||
r-devel-linux-x86_64-fedora-gcc | 1.6.3 | 153.09 | OK | |||
r-devel-macos-arm64 | 1.6.3 | 5.00 | ERROR | |||
r-devel-macos-x86_64 | 1.6.3 | 6.00 | ERROR | |||
r-devel-windows-x86_64 | 1.6.3 | 29.00 | 88.00 | 117.00 | OK | |
r-patched-linux-x86_64 | 1.6.3 | 24.84 | 62.34 | 87.18 | OK | |
r-release-linux-x86_64 | 1.6.3 | 24.83 | 63.40 | 88.23 | OK | |
r-release-macos-arm64 | 1.6.3 | 54.00 | NOTE | |||
r-release-macos-x86_64 | 1.6.3 | 79.00 | NOTE | |||
r-release-windows-x86_64 | 1.6.3 | 30.00 | 85.00 | 115.00 | OK | |
r-oldrel-macos-arm64 | 1.6.3 | 62.00 | NOTE | |||
r-oldrel-macos-x86_64 | 1.6.3 | 122.00 | NOTE | |||
r-oldrel-windows-x86_64 | 1.6.3 | 34.00 | 100.00 | 134.00 | OK |
Version: 1.6.3
Check: package dependencies
Result: ERROR
Package required but not available: ‘pathview’
See section ‘The DESCRIPTION file’ in the ‘Writing R Extensions’
manual.
Flavors: r-devel-linux-x86_64-debian-gcc, r-devel-macos-arm64, r-devel-macos-x86_64
Version: 1.6.3
Check: installed package size
Result: NOTE
installed size is 5.7Mb
sub-directories of 1Mb or more:
data 5.4Mb
Flavors: r-release-macos-arm64, r-release-macos-x86_64, r-oldrel-macos-arm64, r-oldrel-macos-x86_64