Last updated on 2025-05-20 06:50:05 CEST.
Flavor | Version | Tinstall | Tcheck | Ttotal | Status | Flags |
---|---|---|---|---|---|---|
r-devel-linux-x86_64-debian-clang | 1.0.2 | 1.63 | 22.51 | 24.14 | OK | |
r-devel-linux-x86_64-debian-gcc | 1.0.2 | 1.38 | 18.60 | 19.98 | OK | |
r-devel-linux-x86_64-fedora-clang | 1.0.2 | 39.22 | NOTE | |||
r-devel-linux-x86_64-fedora-gcc | 1.0.2 | 50.71 | NOTE | |||
r-devel-windows-x86_64 | 1.0.2 | 4.00 | 50.00 | 54.00 | OK | |
r-patched-linux-x86_64 | 1.0.2 | 1.76 | 21.61 | 23.37 | OK | |
r-release-linux-x86_64 | 1.0.2 | 1.67 | 21.59 | 23.26 | OK | |
r-release-macos-arm64 | 1.0.2 | 25.00 | OK | |||
r-release-macos-x86_64 | 1.0.2 | 40.00 | OK | |||
r-release-windows-x86_64 | 1.0.2 | 3.00 | 50.00 | 53.00 | OK | |
r-oldrel-macos-arm64 | 1.0.2 | 29.00 | OK | |||
r-oldrel-macos-x86_64 | 1.0.2 | 46.00 | OK | |||
r-oldrel-windows-x86_64 | 1.0.2 | 4.00 | 53.00 | 57.00 | OK |
Version: 1.0.2
Check: dependencies in R code
Result: NOTE
Namespace in Imports field not imported from: ‘odbc’
All declared Imports should be used.
Flavors: r-devel-linux-x86_64-fedora-clang, r-devel-linux-x86_64-fedora-gcc