Last updated on 2025-11-04 11:52:44 CET.
| Flavor | Version | Tinstall | Tcheck | Ttotal | Status | Flags | 
|---|---|---|---|---|---|---|
| r-devel-linux-x86_64-debian-clang | 0.1.0 | 9.14 | 67.20 | 76.34 | NOTE | |
| r-devel-linux-x86_64-debian-gcc | 0.1.0 | 6.45 | 50.24 | 56.69 | NOTE | |
| r-devel-linux-x86_64-fedora-clang | 0.1.0 | 18.00 | 96.90 | 114.90 | OK | |
| r-devel-linux-x86_64-fedora-gcc | 0.1.0 | 21.00 | 89.21 | 110.21 | OK | |
| r-devel-windows-x86_64 | 0.1.0 | 9.00 | 74.00 | 83.00 | OK | |
| r-patched-linux-x86_64 | 0.1.0 | 8.26 | 65.49 | 73.75 | OK | |
| r-release-linux-x86_64 | 0.1.0 | 7.22 | 64.80 | 72.02 | OK | |
| r-release-macos-arm64 | 0.1.0 | 5.00 | 34.00 | 39.00 | OK | |
| r-release-macos-x86_64 | 0.1.0 | 8.00 | 61.00 | 69.00 | OK | |
| r-release-windows-x86_64 | 0.1.0 | 9.00 | 74.00 | 83.00 | OK | |
| r-oldrel-macos-arm64 | 0.1.0 | 4.00 | 32.00 | 36.00 | NOTE | |
| r-oldrel-macos-x86_64 | 0.1.0 | 6.00 | 48.00 | 54.00 | NOTE | |
| r-oldrel-windows-x86_64 | 0.1.0 | 11.00 | 96.00 | 107.00 | NOTE | 
Version: 0.1.0
Check: CRAN incoming feasibility
Result: NOTE
  Maintainer: ‘David A. Schoenfeld <dschoenfeld@mgh.harvard.edu>’
  
  No Authors@R field in DESCRIPTION.
  Please add one, modifying
    Authors@R: person(given = c("David", "A."),
                      family = "Schoenfeld",
                      role = c("aut", "cre"),
                      email = "dschoenfeld@mgh.harvard.edu")
  as necessary.
Flavors: r-devel-linux-x86_64-debian-clang, r-devel-linux-x86_64-debian-gcc
Version: 0.1.0
Check: LazyData
Result: NOTE
    'LazyData' is specified without a 'data' directory
Flavors: r-oldrel-macos-arm64, r-oldrel-macos-x86_64, r-oldrel-windows-x86_64